CRAN Package Check Results for Package CamelUp

Last updated on 2020-06-06 03:48:23 CEST.

Flavor Version Tinstall Tcheck Ttotal Status Flags
r-devel-linux-x86_64-debian-clang 0.1.1 13.54 68.46 82.00 WARN
r-devel-linux-x86_64-debian-gcc 0.1.1 14.44 53.16 67.60 WARN
r-devel-linux-x86_64-fedora-clang 0.1.1 110.44 WARN
r-devel-linux-x86_64-fedora-gcc 0.1.1 106.77 WARN
r-devel-windows-ix86+x86_64 0.1.1 45.00 115.00 160.00 WARN
r-patched-linux-x86_64 0.1.1 15.19 68.25 83.44 OK
r-patched-solaris-x86 0.1.1 151.50 OK
r-release-linux-x86_64 0.1.1 16.18 67.19 83.37 OK
r-release-osx-x86_64 0.1.1 OK
r-release-windows-ix86+x86_64 0.1.1 41.00 111.00 152.00 OK
r-oldrel-osx-x86_64 0.1.1 OK
r-oldrel-windows-ix86+x86_64 0.1.1 36.00 79.00 115.00 OK

Check Details

Version: 0.1.1
Check: whether the namespace can be loaded with stated dependencies
Result: WARN
    Warning: S4 exports specified in 'NAMESPACE' but not defined in package 'CamelUp'
Flavors: r-devel-linux-x86_64-debian-clang, r-devel-linux-x86_64-debian-gcc, r-devel-linux-x86_64-fedora-clang, r-devel-linux-x86_64-fedora-gcc, r-devel-windows-ix86+x86_64