CRAN Package Check Results for Package CVglasso

Last updated on 2024-02-29 04:54:12 CET.

Flavor Version Tinstall Tcheck Ttotal Status Flags
r-devel-linux-x86_64-debian-clang 1.0 6.26 52.17 58.43 NOTE
r-devel-linux-x86_64-debian-gcc 1.0 4.77 39.97 44.74 NOTE
r-devel-linux-x86_64-fedora-clang 1.0 76.33 NOTE
r-devel-linux-x86_64-fedora-gcc 1.0 69.28 NOTE
r-devel-windows-x86_64 1.0 7.00 64.00 71.00 NOTE
r-patched-linux-x86_64 1.0 5.89 50.17 56.06 NOTE
r-release-linux-x86_64 1.0 4.93 50.13 55.06 NOTE
r-release-macos-arm64 1.0 29.00 NOTE
r-release-macos-x86_64 1.0 42.00 NOTE
r-release-windows-x86_64 1.0 8.00 72.00 80.00 NOTE
r-oldrel-macos-arm64 1.0 29.00 NOTE
r-oldrel-windows-x86_64 1.0 9.00 79.00 88.00 NOTE

Check Details

Version: 1.0
Check: LazyData
Result: NOTE 'LazyData' is specified without a 'data' directory Flavors: r-devel-linux-x86_64-debian-clang, r-devel-linux-x86_64-debian-gcc, r-devel-linux-x86_64-fedora-clang, r-devel-linux-x86_64-fedora-gcc, r-devel-windows-x86_64, r-patched-linux-x86_64, r-release-linux-x86_64, r-release-macos-arm64, r-release-macos-x86_64, r-release-windows-x86_64, r-oldrel-macos-arm64, r-oldrel-windows-x86_64