CRAN Package Check Results for Package CTT

Last updated on 2020-06-06 03:48:24 CEST.

Flavor Version Tinstall Tcheck Ttotal Status Flags
r-devel-linux-x86_64-debian-clang 2.3.3 2.71 23.78 26.49 NOTE
r-devel-linux-x86_64-debian-gcc 2.3.3 2.04 18.61 20.65 NOTE
r-devel-linux-x86_64-fedora-clang 2.3.3 40.70 NOTE
r-devel-linux-x86_64-fedora-gcc 2.3.3 32.14 NOTE
r-devel-windows-ix86+x86_64 2.3.3 9.00 35.00 44.00 OK
r-patched-linux-x86_64 2.3.3 2.53 23.86 26.39 NOTE
r-patched-solaris-x86 2.3.3 47.70 NOTE
r-release-linux-x86_64 2.3.3 2.29 23.73 26.02 NOTE
r-release-osx-x86_64 2.3.3 OK
r-release-windows-ix86+x86_64 2.3.3 6.00 32.00 38.00 OK
r-oldrel-osx-x86_64 2.3.3 OK
r-oldrel-windows-ix86+x86_64 2.3.3 7.00 46.00 53.00 OK

Check Details

Version: 2.3.3
Check: for non-standard things in the check directory
Result: NOTE
    Found the following files/directories:
     'Hello.csv'
Flavors: r-devel-linux-x86_64-debian-clang, r-devel-linux-x86_64-debian-gcc, r-devel-linux-x86_64-fedora-clang, r-devel-linux-x86_64-fedora-gcc, r-patched-linux-x86_64, r-patched-solaris-x86, r-release-linux-x86_64