CRAN Package Check Results for Package CRM

Last updated on 2020-06-02 03:47:46 CEST.

Flavor Version Tinstall Tcheck Ttotal Status Flags
r-devel-linux-x86_64-debian-clang 1.2.4 3.64 20.60 24.24 OK
r-devel-linux-x86_64-debian-gcc 1.2.4 2.46 16.54 19.00 OK
r-devel-linux-x86_64-fedora-clang 1.2.4 38.46 NOTE
r-devel-linux-x86_64-fedora-gcc 1.2.4 28.78 NOTE
r-devel-windows-ix86+x86_64 1.2.4 9.00 46.00 55.00 OK
r-patched-linux-x86_64 1.2.4 2.96 20.80 23.76 OK
r-patched-solaris-x86 1.2.4 44.90 OK
r-release-linux-x86_64 1.2.4 3.05 20.77 23.82 OK
r-release-osx-x86_64 1.2.4 OK
r-release-windows-ix86+x86_64 1.2.4 11.00 34.00 45.00 OK
r-oldrel-osx-x86_64 1.2.4 OK
r-oldrel-windows-ix86+x86_64 1.2.4 12.00 48.00 60.00 OK

Check Details

Version: 1.2.4
Check: top-level files
Result: NOTE
    ‘cleanup’: /bin/bash is not portable
Flavors: r-devel-linux-x86_64-fedora-clang, r-devel-linux-x86_64-fedora-gcc