CRAN Package Check Results for Package CONDOP

Last updated on 2020-08-11 03:47:45 CEST.

Flavor Version Tinstall Tcheck Ttotal Status Flags
r-devel-linux-x86_64-debian-clang 1.0 41.05 246.43 287.48 OK
r-devel-linux-x86_64-debian-gcc 1.0 35.75 184.14 219.89 OK
r-devel-linux-x86_64-fedora-clang 1.0 347.37 NOTE
r-devel-linux-x86_64-fedora-gcc 1.0 332.99 OK
r-devel-windows-ix86+x86_64 1.0 87.00 297.00 384.00 NOTE
r-patched-linux-x86_64 1.0 36.40 237.07 273.47 OK
r-patched-solaris-x86 1.0 498.40 NOTE
r-release-linux-x86_64 1.0 32.95 233.70 266.65 OK
r-release-macos-x86_64 1.0 NOTE
r-release-windows-ix86+x86_64 1.0 100.00 311.00 411.00 NOTE
r-oldrel-macos-x86_64 1.0 ERROR
r-oldrel-windows-ix86+x86_64 1.0 63.00 235.00 298.00 NOTE

Check Details

Version: 1.0
Check: installed package size
Result: NOTE
     installed size is 9.4Mb
     sub-directories of 1Mb or more:
     data 6.5Mb
     extdata 2.6Mb
Flavors: r-devel-linux-x86_64-fedora-clang, r-devel-windows-ix86+x86_64, r-patched-solaris-x86, r-release-macos-x86_64, r-release-windows-ix86+x86_64, r-oldrel-windows-ix86+x86_64

Version: 1.0
Check: whether package can be installed
Result: ERROR
    Installation failed.
Flavor: r-oldrel-macos-x86_64