CRAN Package Check Results for Package COMIX

Last updated on 2024-02-29 15:53:41 CET.

Flavor Version Tinstall Tcheck Ttotal Status Flags
r-devel-linux-x86_64-debian-clang 1.0.0 152.90 82.17 235.07 NOTE
r-devel-linux-x86_64-debian-gcc 1.0.0 131.70 63.64 195.34 NOTE
r-devel-linux-x86_64-fedora-clang 1.0.0 362.40 NOTE
r-devel-linux-x86_64-fedora-gcc 1.0.0 364.03 NOTE
r-devel-windows-x86_64 1.0.0 116.00 105.00 221.00 NOTE
r-patched-linux-x86_64 1.0.0 146.78 81.59 228.37 NOTE
r-release-linux-x86_64 1.0.0 147.45 81.09 228.54 NOTE
r-release-macos-arm64 1.0.0 88.00 NOTE
r-release-macos-x86_64 1.0.0 156.00 NOTE
r-release-windows-x86_64 1.0.0 152.00 122.00 274.00 NOTE
r-oldrel-macos-arm64 1.0.0 80.00 NOTE
r-oldrel-windows-x86_64 1.0.0 158.00 116.00 274.00 OK

Check Details

Version: 1.0.0
Check: C++ specification
Result: NOTE Specified C++11: please drop specification unless essential Flavors: r-devel-linux-x86_64-debian-clang, r-devel-linux-x86_64-debian-gcc, r-devel-linux-x86_64-fedora-clang, r-devel-linux-x86_64-fedora-gcc, r-devel-windows-x86_64, r-patched-linux-x86_64, r-release-linux-x86_64, r-release-macos-arm64, r-release-macos-x86_64, r-release-windows-x86_64

Version: 1.0.0
Check: installed package size
Result: NOTE installed size is 17.3Mb sub-directories of 1Mb or more: doc 1.8Mb libs 15.2Mb Flavors: r-release-macos-arm64, r-release-macos-x86_64, r-oldrel-macos-arm64