CRAN Package Check Results for Package COINr

Last updated on 2024-06-13 16:49:03 CEST.

Flavor Version Tinstall Tcheck Ttotal Status Flags
r-devel-linux-x86_64-debian-clang 1.1.14 12.98 371.32 384.30 OK
r-devel-linux-x86_64-debian-gcc 1.1.14 0.79 1.95 2.74 ERROR
r-devel-linux-x86_64-fedora-clang 1.1.14 469.44 OK
r-devel-linux-x86_64-fedora-gcc 1.1.14 462.00 OK
r-devel-windows-x86_64 1.1.14 16.00 282.00 298.00 OK
r-patched-linux-x86_64 1.1.14 19.91 349.56 369.47 OK
r-release-linux-x86_64 1.1.14 12.78 347.48 360.26 OK
r-release-macos-arm64 1.1.14 138.00 OK
r-release-macos-x86_64 1.1.14 198.00 OK
r-release-windows-x86_64 1.1.14 15.00 302.00 317.00 OK
r-oldrel-macos-arm64 1.1.14 138.00 OK
r-oldrel-macos-x86_64 1.1.14 324.00 OK
r-oldrel-windows-x86_64 1.1.14 19.00 363.00 382.00 OK

Check Details

Version: 1.1.14
Check: package dependencies
Result: ERROR Packages required but not available: 'ggplot2', 'readxl' Package suggested but not available for checking: ‘testthat’ See section ‘The DESCRIPTION file’ in the ‘Writing R Extensions’ manual. Flavor: r-devel-linux-x86_64-debian-gcc