Last updated on 2023-12-07 04:56:18 CET.
Flavor | Version | Tinstall | Tcheck | Ttotal | Status | Flags |
---|---|---|---|---|---|---|
r-devel-linux-x86_64-debian-clang | 0.10.0 | 176.42 | 371.37 | 547.79 | OK | |
r-devel-linux-x86_64-debian-gcc | 0.10.0 | 136.56 | 435.47 | 572.03 | OK | |
r-devel-linux-x86_64-fedora-clang | 0.10.0 | 745.65 | OK | |||
r-devel-linux-x86_64-fedora-gcc | 0.10.0 | 879.16 | OK | |||
r-devel-windows-x86_64 | 0.10.0 | 140.00 | 355.00 | 495.00 | OK | |
r-patched-linux-x86_64 | 0.10.0 | 111.18 | 446.42 | 557.60 | OK | |
r-release-linux-x86_64 | 0.10.0 | 125.30 | 455.25 | 580.55 | OK | |
r-release-macos-arm64 | 0.10.0 | 188.00 | NOTE | |||
r-release-macos-x86_64 | 0.10.0 | 347.00 | NOTE | |||
r-release-windows-x86_64 | 0.10.0 | 188.00 | 420.00 | 608.00 | OK | |
r-oldrel-macos-arm64 | 0.10.0 | 195.00 | NOTE | |||
r-oldrel-macos-x86_64 | 0.9.0 | 259.00 | NOTE | |||
r-oldrel-windows-x86_64 | 0.10.0 | 181.00 | 411.00 | 592.00 | OK |
Version: 0.10.0
Check: installed package size
Result: NOTE
installed size is 16.0Mb
sub-directories of 1Mb or more:
libs 14.5Mb
Flavors: r-release-macos-arm64, r-release-macos-x86_64, r-oldrel-macos-arm64
Version: 0.9.0
Check: installed package size
Result: NOTE
installed size is 11.8Mb
sub-directories of 1Mb or more:
libs 10.4Mb
Flavor: r-oldrel-macos-x86_64