CRAN Package Check Results for Package CLUSTShiny

Last updated on 2020-06-06 03:48:23 CEST.

Flavor Version Tinstall Tcheck Ttotal Status Flags
r-devel-linux-x86_64-debian-clang 0.1.0 2.19 17.74 19.93 OK
r-devel-linux-x86_64-debian-gcc 0.1.0 1.79 14.28 16.07 OK
r-devel-linux-x86_64-fedora-clang 0.1.0 33.32 NOTE
r-devel-linux-x86_64-fedora-gcc 0.1.0 24.09 NOTE
r-devel-windows-ix86+x86_64 0.1.0 11.00 38.00 49.00 OK
r-patched-linux-x86_64 0.1.0 2.16 18.17 20.33 OK
r-patched-solaris-x86 0.1.0 39.50 NOTE
r-release-linux-x86_64 0.1.0 2.08 17.78 19.86 OK
r-release-osx-x86_64 0.1.0 NOTE
r-release-windows-ix86+x86_64 0.1.0 12.00 43.00 55.00 OK
r-oldrel-osx-x86_64 0.1.0 NOTE
r-oldrel-windows-ix86+x86_64 0.1.0 9.00 44.00 53.00 OK

Check Details

Version: 0.1.0
Check: dependencies in R code
Result: NOTE
    Namespaces in Imports field not imported from:
     ‘MASS’ ‘cluster’ ‘datasets’ ‘dplyr’ ‘klaR’ ‘psycho’ ‘shiny’
     All declared Imports should be used.
Flavors: r-devel-linux-x86_64-fedora-clang, r-devel-linux-x86_64-fedora-gcc, r-patched-solaris-x86, r-release-osx-x86_64, r-oldrel-osx-x86_64