CRAN Package Check Results for Package CLME

Last updated on 2020-08-09 15:47:39 CEST.

Flavor Version Tinstall Tcheck Ttotal Status Flags
r-devel-linux-x86_64-debian-clang 2.0-12 12.45 106.58 119.03 OK
r-devel-linux-x86_64-debian-gcc 2.0-12 11.10 81.10 92.20 OK
r-devel-linux-x86_64-fedora-clang 2.0-12 149.03 OK
r-devel-linux-x86_64-fedora-gcc 2.0-12 136.24 OK
r-devel-windows-ix86+x86_64 2.0-12 27.00 149.00 176.00 OK
r-patched-linux-x86_64 2.0-12 12.47 105.58 118.05 OK
r-patched-solaris-x86 2.0-12 220.60 OK
r-release-linux-x86_64 2.0-12 13.30 103.43 116.73 OK
r-release-macos-x86_64 2.0-12 OK
r-release-windows-ix86+x86_64 2.0-12 34.00 155.00 189.00 OK
r-oldrel-macos-x86_64 2.0-12 ERROR
r-oldrel-windows-ix86+x86_64 2.0-11 27.00 142.00 169.00 OK

Check Details

Version: 2.0-12
Check: whether package can be installed
Result: ERROR
    Installation failed.
Flavor: r-oldrel-macos-x86_64