CRAN Package Check Results for Package CKMRpop

Last updated on 2024-02-26 04:49:22 CET.

Flavor Version Tinstall Tcheck Ttotal Status Flags
r-devel-linux-x86_64-debian-clang 0.1.3 48.36 191.08 239.44 OK
r-devel-linux-x86_64-debian-gcc 0.1.3 35.12 142.27 177.39 OK
r-devel-linux-x86_64-fedora-clang 0.1.3 307.37 NOTE
r-devel-linux-x86_64-fedora-gcc 0.1.3 305.23 OK
r-devel-windows-x86_64 0.1.3 38.00 175.00 213.00 NOTE
r-patched-linux-x86_64 0.1.3 33.00 187.48 220.48 OK
r-release-linux-x86_64 0.1.3 30.72 182.75 213.47 OK
r-release-macos-arm64 0.1.3 99.00 NOTE
r-release-macos-x86_64 0.1.3 144.00 NOTE
r-release-windows-x86_64 0.1.3 48.00 217.00 265.00 NOTE
r-oldrel-macos-arm64 0.1.3 89.00 NOTE
r-oldrel-windows-x86_64 0.1.3 45.00 217.00 262.00 NOTE

Check Details

Version: 0.1.3
Check: installed package size
Result: NOTE installed size is 6.0Mb sub-directories of 1Mb or more: data 1.1Mb doc 3.6Mb help 1.0Mb Flavors: r-devel-linux-x86_64-fedora-clang, r-devel-windows-x86_64, r-release-macos-arm64, r-release-macos-x86_64, r-release-windows-x86_64, r-oldrel-macos-arm64, r-oldrel-windows-x86_64