Last updated on 2023-12-08 16:54:03 CET.
Flavor | Version | Tinstall | Tcheck | Ttotal | Status | Flags |
---|---|---|---|---|---|---|
r-devel-linux-x86_64-debian-clang | 0.2.3 | 53.04 | 80.60 | 133.64 | NOTE | |
r-devel-linux-x86_64-debian-gcc | 0.2.3 | 41.92 | 62.45 | 104.37 | NOTE | |
r-devel-linux-x86_64-fedora-clang | 0.2.3 | 173.17 | NOTE | |||
r-devel-linux-x86_64-fedora-gcc | 0.2.3 | 181.83 | NOTE | |||
r-devel-windows-x86_64 | 0.2.3 | 42.00 | 113.00 | 155.00 | NOTE | |
r-patched-linux-x86_64 | 0.2.3 | 49.88 | 81.04 | 130.92 | NOTE | |
r-release-linux-x86_64 | 0.2.3 | 43.14 | 79.58 | 122.72 | NOTE | |
r-release-macos-arm64 | 0.2.3 | 57.00 | NOTE | |||
r-release-macos-x86_64 | 0.2.3 | 89.00 | NOTE | |||
r-release-windows-x86_64 | 0.2.3 | 52.00 | 124.00 | 176.00 | NOTE | |
r-oldrel-macos-arm64 | 0.2.3 | 48.00 | NOTE | |||
r-oldrel-macos-x86_64 | 0.2.3 | 66.00 | NOTE | |||
r-oldrel-windows-x86_64 | 0.2.3 | 48.00 | 115.00 | 163.00 | NOTE |
Version: 0.2.3
Check: LazyData
Result: NOTE
'LazyData' is specified without a 'data' directory
Flavors: r-devel-linux-x86_64-debian-clang, r-devel-linux-x86_64-debian-gcc, r-devel-linux-x86_64-fedora-clang, r-devel-linux-x86_64-fedora-gcc, r-devel-windows-x86_64, r-patched-linux-x86_64, r-release-linux-x86_64, r-release-macos-arm64, r-release-macos-x86_64, r-release-windows-x86_64, r-oldrel-macos-arm64, r-oldrel-macos-x86_64, r-oldrel-windows-x86_64
Version: 0.2.3
Check: installed package size
Result: NOTE
installed size is 14.6Mb
sub-directories of 1Mb or more:
libs 14.3Mb
Flavors: r-release-macos-arm64, r-release-macos-x86_64, r-oldrel-macos-arm64, r-oldrel-macos-x86_64