Last updated on 2023-12-03 04:56:02 CET.
Flavor | Version | Tinstall | Tcheck | Ttotal | Status | Flags |
---|---|---|---|---|---|---|
r-devel-linux-x86_64-debian-clang | 0.1.1 | 3.92 | 141.95 | 145.87 | NOTE | |
r-devel-linux-x86_64-debian-gcc | 0.1.1 | 3.10 | 102.45 | 105.55 | NOTE | |
r-devel-linux-x86_64-fedora-clang | 0.1.1 | 176.27 | NOTE | |||
r-devel-linux-x86_64-fedora-gcc | 0.1.1 | 190.78 | NOTE | |||
r-devel-windows-x86_64 | 0.1.1 | 5.00 | 133.00 | 138.00 | NOTE | |
r-patched-linux-x86_64 | 0.1.1 | 2.59 | 138.32 | 140.91 | NOTE | |
r-release-linux-x86_64 | 0.1.1 | 2.38 | 136.43 | 138.81 | NOTE | |
r-release-macos-arm64 | 0.1.1 | 49.00 | NOTE | |||
r-release-macos-x86_64 | 0.1.1 | 90.00 | NOTE | |||
r-release-windows-x86_64 | 0.1.1 | 5.00 | 148.00 | 153.00 | NOTE | |
r-oldrel-macos-arm64 | 0.1.1 | 41.00 | NOTE | |||
r-oldrel-macos-x86_64 | 0.1.1 | 56.00 | NOTE | |||
r-oldrel-windows-x86_64 | 0.1.1 | 5.00 | 142.00 | 147.00 | NOTE |
Version: 0.1.1
Check: LazyData
Result: NOTE
'LazyData' is specified without a 'data' directory
Flavors: r-devel-linux-x86_64-debian-clang, r-devel-linux-x86_64-debian-gcc, r-devel-linux-x86_64-fedora-clang, r-devel-linux-x86_64-fedora-gcc, r-devel-windows-x86_64, r-patched-linux-x86_64, r-release-linux-x86_64, r-release-macos-arm64, r-release-macos-x86_64, r-release-windows-x86_64, r-oldrel-macos-arm64, r-oldrel-macos-x86_64, r-oldrel-windows-x86_64