CRAN Package Check Results for Package CINE

Last updated on 2024-02-26 04:49:22 CET.

Flavor Version Tinstall Tcheck Ttotal Status Flags
r-devel-linux-x86_64-debian-clang 0.1.3 12.04 96.26 108.30 OK
r-devel-linux-x86_64-debian-gcc 0.1.3 9.05 72.47 81.52 OK
r-devel-linux-x86_64-fedora-clang 0.1.3 129.69 NOTE
r-devel-linux-x86_64-fedora-gcc 0.1.3 121.27 NOTE
r-devel-windows-x86_64 0.1.3 11.00 87.00 98.00 OK
r-patched-linux-x86_64 0.1.3 7.25 91.96 99.21 OK
r-release-linux-x86_64 0.1.3 10.71 89.82 100.53 OK
r-release-macos-arm64 0.1.3 42.00 OK
r-release-macos-x86_64 0.1.3 59.00 OK
r-release-windows-x86_64 0.1.3 13.00 99.00 112.00 OK
r-oldrel-macos-arm64 0.1.3 36.00 NOTE
r-oldrel-windows-x86_64 0.1.3 13.00 98.00 111.00 OK

Check Details

Version: 0.1.3
Check: data for non-ASCII characters
Result: NOTE Note: found 28982 marked UTF-8 strings Flavors: r-devel-linux-x86_64-fedora-clang, r-devel-linux-x86_64-fedora-gcc, r-oldrel-macos-arm64