CRAN Package Check Results for Package CHNOSZ

Last updated on 2023-09-30 16:56:53 CEST.

Flavor Version Tinstall Tcheck Ttotal Status Flags
r-devel-linux-x86_64-debian-clang 2.0.0 23.56 343.57 367.13 OK
r-devel-linux-x86_64-debian-gcc 2.0.0 15.12 250.15 265.27 OK
r-devel-linux-x86_64-fedora-clang 2.0.0 460.73 NOTE
r-devel-linux-x86_64-fedora-gcc 2.0.0 465.05 OK
r-devel-windows-x86_64 2.0.0 24.00 383.00 407.00 OK
r-patched-linux-x86_64 2.0.0 24.59 329.99 354.58 OK
r-release-linux-x86_64 2.0.0 22.27 329.10 351.37 OK
r-release-macos-arm64 2.0.0 140.00 OK
r-release-macos-x86_64 2.0.0 257.00 OK
r-release-windows-x86_64 2.0.0 27.00 453.00 480.00 OK
r-oldrel-macos-arm64 2.0.0 134.00 OK
r-oldrel-macos-x86_64 2.0.0 233.00 OK
r-oldrel-windows-x86_64 2.0.0 37.00 451.00 488.00 OK

Additional issues

Intel

Check Details

Version: 2.0.0
Check: installed package size
Result: NOTE
     installed size is 6.5Mb
     sub-directories of 1Mb or more:
     doc 1.8Mb
     extdata 1.1Mb
     libs 1.9Mb
Flavor: r-devel-linux-x86_64-fedora-clang