CRAN Package Check Results for Package CDM

Last updated on 2023-12-06 16:53:06 CET.

Flavor Version Tinstall Tcheck Ttotal Status Flags
r-devel-linux-x86_64-debian-clang 8.2-6 196.17 179.51 375.68 NOTE
r-devel-linux-x86_64-debian-gcc 8.2-6 116.41 131.28 247.69 NOTE
r-devel-linux-x86_64-fedora-clang 8.2-6 522.58 OK
r-devel-linux-x86_64-fedora-gcc 8.2-6 490.03 OK
r-devel-windows-x86_64 8.2-6 141.00 178.00 319.00 OK
r-patched-linux-x86_64 8.2-6 152.64 171.80 324.44 OK
r-release-linux-x86_64 8.2-6 158.19 169.52 327.71 OK
r-release-macos-arm64 8.2-6 109.00 NOTE
r-release-macos-x86_64 8.2-6 200.00 NOTE
r-release-windows-x86_64 8.2-6 184.00 220.00 404.00 OK
r-oldrel-macos-arm64 8.2-6 109.00 NOTE
r-oldrel-macos-x86_64 8.2-6 132.00 NOTE
r-oldrel-windows-x86_64 8.2-6 178.00 196.00 374.00 OK

Check Details

Version: 8.2-6
Check: Rd files
Result: NOTE checkRd: (-1) data.dtmr.Rd:57: Lost braces; missing escapes or markup? 57 | \code{RU}: {Referent units} | ^ checkRd: (-1) data.dtmr.Rd:59: Lost braces; missing escapes or markup? 59 | \code{PI}: {Partitioning and iterating attribute} | ^ checkRd: (-1) data.dtmr.Rd:61: Lost braces; missing escapes or markup? 61 | \code{APP}: {Appropriateness attribute} | ^ checkRd: (-1) data.dtmr.Rd:63: Lost braces; missing escapes or markup? 63 | \code{MC}: {Multiplicative Comparison attribute} | ^ Flavors: r-devel-linux-x86_64-debian-clang, r-devel-linux-x86_64-debian-gcc

Version: 8.2-6
Check: installed package size
Result: NOTE installed size is 6.2Mb sub-directories of 1Mb or more: data 1.3Mb libs 3.4Mb Flavors: r-release-macos-arm64, r-release-macos-x86_64, r-oldrel-macos-arm64, r-oldrel-macos-x86_64

Version: 8.2-6
Check: package dependencies
Result: NOTE Package which this enhances but not available for checking: ‘mirt’ Flavor: r-release-macos-x86_64

Version: 8.2-6
Check: Rd cross-references
Result: NOTE Package unavailable to check Rd xrefs: ‘mirt’ Flavor: r-release-macos-x86_64