CRAN Package Check Results for Package CCTpack

Last updated on 2024-03-03 16:49:53 CET.

Flavor Version Tinstall Tcheck Ttotal Status Flags
r-devel-linux-x86_64-debian-clang 1.5.2 18.95 85.69 104.64 NOTE
r-devel-linux-x86_64-debian-gcc 1.5.2 12.10 61.77 73.87 NOTE
r-devel-linux-x86_64-fedora-clang 1.5.2 126.42 NOTE
r-devel-linux-x86_64-fedora-gcc 1.5.2 106.12 NOTE
r-devel-windows-x86_64 1.5.2 11.00 72.00 83.00 OK
r-patched-linux-x86_64 1.5.2 16.58 72.63 89.21 NOTE
r-release-linux-x86_64 1.5.2 12.77 74.49 87.26 NOTE
r-release-macos-arm64 1.5.2 38.00 OK
r-release-macos-x86_64 1.5.2 58.00 OK
r-release-windows-x86_64 1.5.2 15.00 80.00 95.00 OK
r-oldrel-macos-arm64 1.5.2 68.00 OK
r-oldrel-windows-x86_64 1.5.2 14.00 81.00 95.00 OK

Check Details

Version: 1.5.2
Check: for non-standard things in the check directory
Result: NOTE Found the following files/directories: ‘hotcold.csv’ Flavors: r-devel-linux-x86_64-debian-clang, r-devel-linux-x86_64-debian-gcc, r-devel-linux-x86_64-fedora-clang, r-devel-linux-x86_64-fedora-gcc, r-patched-linux-x86_64, r-release-linux-x86_64