Last updated on 2025-01-21 04:48:22 CET.
Flavor | Version | Tinstall | Tcheck | Ttotal | Status | Flags |
---|---|---|---|---|---|---|
r-devel-linux-x86_64-debian-clang | 1.5.2 | 15.56 | 70.34 | 85.90 | NOTE | |
r-devel-linux-x86_64-debian-gcc | 1.5.2 | 11.38 | 50.95 | 62.33 | NOTE | |
r-devel-linux-x86_64-fedora-clang | 1.5.2 | 153.42 | NOTE | |||
r-devel-linux-x86_64-fedora-gcc | 1.5.2 | 135.03 | NOTE | |||
r-devel-windows-x86_64 | 1.5.2 | 12.00 | 74.00 | 86.00 | NOTE | |
r-patched-linux-x86_64 | 1.5.2 | 17.75 | 66.02 | 83.77 | NOTE | |
r-release-linux-x86_64 | 1.5.2 | 14.49 | 67.28 | 81.77 | NOTE | |
r-release-macos-arm64 | 1.5.2 | 127.00 | OK | |||
r-release-macos-x86_64 | 1.5.2 | 96.00 | OK | |||
r-release-windows-x86_64 | 1.5.2 | 12.00 | 80.00 | 92.00 | OK | |
r-oldrel-macos-arm64 | 1.5.2 | 38.00 | OK | |||
r-oldrel-macos-x86_64 | 1.5.2 | 58.00 | OK | |||
r-oldrel-windows-x86_64 | 1.5.2 | 15.00 | 86.00 | 101.00 | OK |
Version: 1.5.2
Check: Rd cross-references
Result: NOTE
Found the following Rd file(s) with Rd \link{} targets missing package
anchors:
cct-class.Rd: rjags-class
Please provide package anchors for all Rd \link{} targets not in the
package itself and the base packages.
Flavors: r-devel-linux-x86_64-debian-clang, r-devel-linux-x86_64-debian-gcc, r-devel-windows-x86_64
Version: 1.5.2
Check: Rd contents
Result: NOTE
Auto-generated content requiring editing in Rd file 'plot-methods.Rd':
\keyword: ‘~~ other possible keyword(s) ~~’
Auto-generated content requiring editing in Rd file 'screeplot-methods.Rd':
\keyword: ‘~~ other possible keyword(s) ~~’
Auto-generated content requiring editing in Rd file 'summary-methods.Rd':
\keyword: ‘~~ other possible keyword(s) ~~’
Flavors: r-devel-linux-x86_64-debian-clang, r-devel-linux-x86_64-debian-gcc, r-patched-linux-x86_64, r-release-linux-x86_64
Version: 1.5.2
Check: for non-standard things in the check directory
Result: NOTE
Found the following files/directories:
‘hotcold.csv’
Flavors: r-devel-linux-x86_64-debian-clang, r-devel-linux-x86_64-debian-gcc, r-devel-linux-x86_64-fedora-clang, r-devel-linux-x86_64-fedora-gcc, r-patched-linux-x86_64, r-release-linux-x86_64