CRAN Package Check Results for Package CCTpack

Last updated on 2020-08-11 15:48:30 CEST.

Flavor Version Tinstall Tcheck Ttotal Status Flags
r-devel-linux-x86_64-debian-clang 1.5.2 18.44 70.34 88.78 NOTE
r-devel-linux-x86_64-debian-gcc 1.5.2 12.47 52.42 64.89 NOTE
r-devel-linux-x86_64-fedora-clang 1.5.2 111.05 NOTE
r-devel-linux-x86_64-fedora-gcc 1.5.2 104.63 NOTE
r-devel-windows-ix86+x86_64 1.5.2 32.00 103.00 135.00 OK
r-patched-linux-x86_64 1.5.2 18.17 70.26 88.43 NOTE
r-patched-solaris-x86 1.5.2 145.40 NOTE
r-release-linux-x86_64 1.5.2 17.16 70.17 87.33 NOTE
r-release-macos-x86_64 1.5.2 OK
r-release-windows-ix86+x86_64 1.5.2 26.00 92.00 118.00 OK
r-oldrel-macos-x86_64 1.5.2 OK
r-oldrel-windows-ix86+x86_64 1.5.2 14.00 75.00 89.00 OK

Check Details

Version: 1.5.2
Check: for non-standard things in the check directory
Result: NOTE
    Found the following files/directories:
     'hotcold.csv'
Flavors: r-devel-linux-x86_64-debian-clang, r-devel-linux-x86_64-debian-gcc, r-devel-linux-x86_64-fedora-clang, r-devel-linux-x86_64-fedora-gcc, r-patched-linux-x86_64, r-patched-solaris-x86, r-release-linux-x86_64