Last updated on 2023-12-02 04:52:08 CET.
Flavor | Version | Tinstall | Tcheck | Ttotal | Status | Flags |
---|---|---|---|---|---|---|
r-devel-linux-x86_64-debian-clang | 0.8.1 | 20.05 | 445.75 | 465.80 | OK | |
r-devel-linux-x86_64-debian-gcc | 0.8.1 | 15.23 | 332.34 | 347.57 | OK | |
r-devel-linux-x86_64-fedora-clang | 0.8.1 | 560.19 | NOTE | |||
r-devel-linux-x86_64-fedora-gcc | 0.8.1 | 579.30 | OK | |||
r-devel-windows-x86_64 | 0.8.1 | 16.00 | 333.00 | 349.00 | OK | |
r-patched-linux-x86_64 | 0.8.1 | 16.95 | 424.64 | 441.59 | OK | |
r-release-linux-x86_64 | 0.8.1 | 11.40 | 434.91 | 446.31 | OK | |
r-release-macos-arm64 | 0.8.1 | 189.00 | OK | |||
r-release-macos-x86_64 | 0.8.1 | 355.00 | OK | |||
r-release-windows-x86_64 | 0.8.1 | 20.00 | 421.00 | 441.00 | OK | |
r-oldrel-macos-arm64 | 0.8.1 | 183.00 | OK | |||
r-oldrel-macos-x86_64 | 0.8.1 | 214.00 | OK | |||
r-oldrel-windows-x86_64 | 0.8.1 | 21.00 | 418.00 | 439.00 | OK |
Version: 0.8.1
Check: installed package size
Result: NOTE
installed size is 5.0Mb
sub-directories of 1Mb or more:
doc 2.8Mb
extdata 1.9Mb
Flavor: r-devel-linux-x86_64-fedora-clang