CRAN Package Check Results for Package CARBayesST

Last updated on 2020-08-10 06:47:21 CEST.

Flavor Version Tinstall Tcheck Ttotal Status Flags
r-devel-linux-x86_64-debian-clang 3.1 75.37 262.55 337.92 OK
r-devel-linux-x86_64-debian-gcc 3.1 60.10 194.75 254.85 OK
r-devel-linux-x86_64-fedora-clang 3.1 414.60 NOTE
r-devel-linux-x86_64-fedora-gcc 3.1 398.22 OK
r-devel-windows-ix86+x86_64 3.1 139.00 396.00 535.00 WARN
r-patched-linux-x86_64 3.1 61.11 254.41 315.52 OK
r-patched-solaris-x86 3.1 504.40 OK
r-release-linux-x86_64 3.1 64.60 255.05 319.65 OK
r-release-macos-x86_64 3.1 NOTE
r-release-windows-ix86+x86_64 3.1 169.00 396.00 565.00 WARN
r-oldrel-macos-x86_64 3.1 NOTE
r-oldrel-windows-ix86+x86_64 3.1 107.00 238.00 345.00 WARN

Check Details

Version: 3.1
Check: installed package size
Result: NOTE
     installed size is 5.9Mb
     sub-directories of 1Mb or more:
     libs 4.6Mb
Flavors: r-devel-linux-x86_64-fedora-clang, r-release-macos-x86_64, r-oldrel-macos-x86_64

Version: 3.1
Check: re-building of vignette outputs
Result: WARN
    Error(s) in re-building vignettes:
    --- re-building 'CARBayesST.Rnw' using Sweave
    
    Attaching package: 'dplyr'
    
    The following objects are masked from 'package:stats':
    
     filter, lag
    
    The following objects are masked from 'package:base':
    
     intersect, setdiff, setequal, union
    
    Loading required package: ggplot2
    `summarise()` ungrouping output (override with `.groups` argument)
    rgdal: version: 1.5-15, (SVN revision 1045)
    Geospatial Data Abstraction Library extensions to R successfully loaded
    Loaded GDAL runtime: GDAL 3.0.4, released 2020/01/28
    Path to GDAL shared files: D:/temp/Rtmpio1qz0/RLIBS_2a69029316b6a/rgdal/gdal
    GDAL binary built with GEOS: TRUE
    Loaded PROJ runtime: Rel. 6.3.1, February 10th, 2020, [PJ_VERSION: 631]
    Path to PROJ shared files: D:/temp/Rtmpio1qz0/RLIBS_2a69029316b6a/rgdal/proj
    Linking to sp version:1.4-2
    To mute warnings of possible GDAL/OSR exportToProj4() degradation,
    use options("rgdal_show_exportToProj4_warnings"="none") before loading rgdal.
    Warning in spTransform(xSP, CRSobj, ...) :
     NULL source CRS comment, falling back to PROJ string
    Warning in wkt(obj) : CRS object has no comment
    
    Error: processing vignette 'CARBayesST.Rnw' failed with diagnostics:
     chunk 7
    Error in project(t(bbox(obj))[, 1:2], tg, inv = TRUE, use_aoi = FALSE) :
     coordinate operation creation failed: generic error of unknown origin
    
    --- failed re-building 'CARBayesST.Rnw'
    
    SUMMARY: processing the following file failed:
     'CARBayesST.Rnw'
    
    Error: Vignette re-building failed.
    Execution halted
Flavor: r-devel-windows-ix86+x86_64

Version: 3.1
Check: re-building of vignette outputs
Result: WARN
    Error(s) in re-building vignettes:
    --- re-building 'CARBayesST.Rnw' using Sweave
    
    Attaching package: 'dplyr'
    
    The following objects are masked from 'package:stats':
    
     filter, lag
    
    The following objects are masked from 'package:base':
    
     intersect, setdiff, setequal, union
    
    Loading required package: ggplot2
    `summarise()` ungrouping output (override with `.groups` argument)
    rgdal: version: 1.5-15, (SVN revision 1045)
    Geospatial Data Abstraction Library extensions to R successfully loaded
    Loaded GDAL runtime: GDAL 3.0.4, released 2020/01/28
    Path to GDAL shared files: D:/temp/RtmpasccMm/RLIBS_337b433a62fc3/rgdal/gdal
    GDAL binary built with GEOS: TRUE
    Loaded PROJ runtime: Rel. 6.3.1, February 10th, 2020, [PJ_VERSION: 631]
    Path to PROJ shared files: D:/temp/RtmpasccMm/RLIBS_337b433a62fc3/rgdal/proj
    Linking to sp version:1.4-2
    To mute warnings of possible GDAL/OSR exportToProj4() degradation,
    use options("rgdal_show_exportToProj4_warnings"="none") before loading rgdal.
    Warning in spTransform(xSP, CRSobj, ...) :
     NULL source CRS comment, falling back to PROJ string
    Warning in wkt(obj) : CRS object has no comment
    
    Error: processing vignette 'CARBayesST.Rnw' failed with diagnostics:
     chunk 7
    Error in project(t(bbox(obj))[, 1:2], tg, inv = TRUE, use_aoi = FALSE) :
     coordinate operation creation failed: generic error of unknown origin
    
    --- failed re-building 'CARBayesST.Rnw'
    
    SUMMARY: processing the following file failed:
     'CARBayesST.Rnw'
    
    Error: Vignette re-building failed.
    Execution halted
Flavor: r-release-windows-ix86+x86_64

Version: 3.1
Check: re-building of vignette outputs
Result: WARN
    Error(s) in re-building vignettes:
    --- re-building 'CARBayesST.Rnw' using Sweave
    
    Attaching package: 'dplyr'
    
    The following objects are masked from 'package:stats':
    
     filter, lag
    
    The following objects are masked from 'package:base':
    
     intersect, setdiff, setequal, union
    
    Loading required package: ggplot2
    `summarise()` ungrouping output (override with `.groups` argument)
    rgdal: version: 1.5-15, (SVN revision 1045)
    Geospatial Data Abstraction Library extensions to R successfully loaded
    Loaded GDAL runtime: GDAL 3.0.4, released 2020/01/28
    Path to GDAL shared files: D:/temp/RtmpCoHRUO/RLIBS_290c3d2456c/rgdal/gdal
    GDAL binary built with GEOS: TRUE
    Loaded PROJ runtime: Rel. 6.3.1, February 10th, 2020, [PJ_VERSION: 631]
    Path to PROJ shared files: D:/temp/RtmpCoHRUO/RLIBS_290c3d2456c/rgdal/proj
    Linking to sp version:1.4-2
    To mute warnings of possible GDAL/OSR exportToProj4() degradation,
    use options("rgdal_show_exportToProj4_warnings"="none") before loading rgdal.
    Warning in spTransform(xSP, CRSobj, ...) :
     NULL source CRS comment, falling back to PROJ string
    Warning in wkt(obj) : CRS object has no comment
    
    Error: processing vignette 'CARBayesST.Rnw' failed with diagnostics:
     chunk 7
    Error in project(t(bbox(obj))[, 1:2], tg, inv = TRUE, use_aoi = FALSE) :
     coordinate operation creation failed: generic error of unknown origin
    
    --- failed re-building 'CARBayesST.Rnw'
    
    SUMMARY: processing the following file failed:
     'CARBayesST.Rnw'
    
    Error: Vignette re-building failed.
    Execution halted
Flavor: r-oldrel-windows-ix86+x86_64