CRAN Package Check Results for Package BuyseTest

Last updated on 2020-08-07 15:48:37 CEST.

Flavor Version Tinstall Tcheck Ttotal Status Flags
r-devel-linux-x86_64-debian-clang 2.1.3 68.60 227.16 295.76 OK
r-devel-linux-x86_64-debian-gcc 2.1.3 61.13 154.47 215.60 OK
r-devel-linux-x86_64-fedora-clang 2.1.3 331.52 NOTE
r-devel-linux-x86_64-fedora-gcc 2.1.3 301.38 OK
r-devel-windows-ix86+x86_64 2.1.3 163.00 135.00 298.00 OK --no-examples --no-tests --no-vignettes
r-patched-linux-x86_64 2.1.3 64.27 188.20 252.47 OK
r-patched-solaris-x86 2.1.3 324.50 OK
r-release-linux-x86_64 2.1.3 67.09 186.99 254.08 OK
r-release-macos-x86_64 2.1.3 NOTE
r-release-windows-ix86+x86_64 2.1.3 165.00 182.00 347.00 OK --no-examples --no-tests --no-vignettes
r-oldrel-macos-x86_64 2.1.3 NOTE
r-oldrel-windows-ix86+x86_64 2.1.3 100.00 163.00 263.00 OK --no-examples --no-tests --no-vignettes

Check Details

Version: 2.1.3
Check: installed package size
Result: NOTE
     installed size is 7.0Mb
     sub-directories of 1Mb or more:
     libs 5.9Mb
Flavors: r-devel-linux-x86_64-fedora-clang, r-release-macos-x86_64, r-oldrel-macos-x86_64