CRAN Package Check Results for Package BullsEyeR

Last updated on 2020-08-06 15:49:25 CEST.

Flavor Version Tinstall Tcheck Ttotal Status Flags
r-devel-linux-x86_64-debian-clang 0.2.0 8.96 66.75 75.71 OK
r-devel-linux-x86_64-debian-gcc 0.2.0 7.32 50.72 58.04 OK
r-devel-linux-x86_64-fedora-clang 0.2.0 96.56 NOTE
r-devel-linux-x86_64-fedora-gcc 0.2.0 86.13 OK
r-devel-windows-ix86+x86_64 0.2.0 20.00 78.00 98.00 OK
r-patched-linux-x86_64 0.2.0 9.07 64.31 73.38 OK
r-patched-solaris-x86 0.2.0 149.30 OK
r-release-linux-x86_64 0.2.0 7.90 64.45 72.35 OK
r-release-macos-x86_64 0.2.0 OK
r-release-windows-ix86+x86_64 0.2.0 21.00 106.00 127.00 OK
r-oldrel-macos-x86_64 0.2.0 OK
r-oldrel-windows-ix86+x86_64 0.2.0 13.00 93.00 106.00 OK

Check Details

Version: 0.2.0
Check: Rd cross-references
Result: NOTE
    Undeclared package ‘ldatuning’ in Rd xrefs
Flavor: r-devel-linux-x86_64-fedora-clang