Last updated on 2023-12-03 16:51:21 CET.
Flavor | Version | Tinstall | Tcheck | Ttotal | Status | Flags |
---|---|---|---|---|---|---|
r-devel-linux-x86_64-debian-clang | 1.2-9 | 16.60 | 110.54 | 127.14 | OK | |
r-devel-linux-x86_64-debian-gcc | 1.2-9 | 13.99 | 85.43 | 99.42 | OK | |
r-devel-linux-x86_64-fedora-clang | 1.2-9 | 161.91 | OK | |||
r-devel-linux-x86_64-fedora-gcc | 1.2-9 | 170.34 | OK | |||
r-devel-windows-x86_64 | 1.2-9 | 14.00 | 136.00 | 150.00 | OK | |
r-patched-linux-x86_64 | 1.2-9 | 13.58 | 108.51 | 122.09 | OK | |
r-release-linux-x86_64 | 1.2-9 | 14.60 | 108.90 | 123.50 | OK | |
r-release-macos-arm64 | 1.2-9 | 63.00 | OK | |||
r-release-macos-x86_64 | 1.2-9 | 95.00 | NOTE | |||
r-release-windows-x86_64 | 1.2-9 | 18.00 | 145.00 | 163.00 | OK | |
r-oldrel-macos-arm64 | 1.2-9 | 57.00 | OK | |||
r-oldrel-macos-x86_64 | 1.2-9 | 73.00 | OK | |||
r-oldrel-windows-x86_64 | 1.2-9 | 20.00 | 153.00 | 173.00 | OK |
Version: 1.2-9
Check: re-building of vignette outputs
Result: NOTE
Error(s) in re-building vignettes:
--- re-building ‘Brobdingnag.Rnw’ using Sweave
Loading required package: Brobdingnag
Loading required package: Matrix
Attaching package: ‘Brobdingnag’
The following objects are masked from ‘package:Matrix’:
diag, t
The following objects are masked from ‘package:base’:
diag, t
Error: processing vignette 'Brobdingnag.Rnw' failed with diagnostics:
Running 'texi2dvi' on 'Brobdingnag.tex' failed.
LaTeX errors:
! LaTeX Error: File `dsfont.sty' not found.
Type X to quit or <RETURN> to proceed,
or enter new name. (Default extension: sty)
! Emergency stop.
<read *>
l.4 \usepackage
{bbm}^^M
! ==> Fatal error occurred, no output PDF file produced!
--- failed re-building ‘Brobdingnag.Rnw’
--- re-building ‘S4_brob.Rnw’ using Sweave
Creating a new generic function for ‘max’ in the global environment
Creating a new generic function for ‘min’ in the global environment
Creating a new generic function for ‘range’ in the global environment
Creating a new generic function for ‘prod’ in the global environment
Creating a new generic function for ‘sum’ in the global environment
Error: processing vignette 'S4_brob.Rnw' failed with diagnostics:
Running 'texi2dvi' on 'S4_brob.tex' failed.
LaTeX errors:
! LaTeX Error: File `dsfont.sty' not found.
Type X to quit or <RETURN> to proceed,
or enter new name. (Default extension: sty)
! Emergency stop.
<read *>
l.4 \usepackage
{bbm}^^M
! ==> Fatal error occurred, no output PDF file produced!
--- failed re-building ‘S4_brob.Rnw’
SUMMARY: processing the following files failed:
‘Brobdingnag.Rnw’ ‘S4_brob.Rnw’
Error: Vignette re-building failed.
Execution halted
Flavor: r-release-macos-x86_64