CRAN Package Check Results for Package Brobdingnag

Last updated on 2024-06-13 16:49:01 CEST.

Flavor Version Tinstall Tcheck Ttotal Status Flags
r-devel-linux-x86_64-debian-clang 1.2-9 18.85 114.25 133.10 OK
r-devel-linux-x86_64-debian-gcc 1.2-9 10.79 81.42 92.21 ERROR
r-devel-linux-x86_64-fedora-clang 1.2-9 161.23 OK
r-devel-linux-x86_64-fedora-gcc 1.2-9 168.39 OK
r-devel-windows-x86_64 1.2-9 14.00 136.00 150.00 OK
r-patched-linux-x86_64 1.2-9 18.88 108.32 127.20 OK
r-release-linux-x86_64 1.2-9 15.44 108.07 123.51 OK
r-release-macos-arm64 1.2-9 56.00 OK
r-release-macos-x86_64 1.2-9 87.00 OK
r-release-windows-x86_64 1.2-9 14.00 143.00 157.00 OK
r-oldrel-macos-arm64 1.2-9 63.00 OK
r-oldrel-macos-x86_64 1.2-9 95.00 NOTE
r-oldrel-windows-x86_64 1.2-9 13.00 141.00 154.00 OK

Check Details

Version: 1.2-9
Check: package dependencies
Result: NOTE Package suggested but not available for checking: ‘testthat’ Flavor: r-devel-linux-x86_64-debian-gcc

Version: 1.2-9
Check: tests
Result: ERROR Running ‘testthat.R’ [0s/1s] Running the tests in ‘tests/testthat.R’ failed. Complete output: > library("testthat") Error in library("testthat") : there is no package called 'testthat' Execution halted Flavor: r-devel-linux-x86_64-debian-gcc

Version: 1.2-9
Check: re-building of vignette outputs
Result: NOTE Error(s) in re-building vignettes: --- re-building ‘Brobdingnag.Rnw’ using Sweave Loading required package: Brobdingnag Loading required package: Matrix Attaching package: ‘Brobdingnag’ The following objects are masked from ‘package:Matrix’: diag, t The following objects are masked from ‘package:base’: diag, t Error: processing vignette 'Brobdingnag.Rnw' failed with diagnostics: Running 'texi2dvi' on 'Brobdingnag.tex' failed. LaTeX errors: ! LaTeX Error: File `dsfont.sty' not found. Type X to quit or <RETURN> to proceed, or enter new name. (Default extension: sty) ! Emergency stop. <read *> l.4 \usepackage {bbm}^^M ! ==> Fatal error occurred, no output PDF file produced! --- failed re-building ‘Brobdingnag.Rnw’ --- re-building ‘S4_brob.Rnw’ using Sweave Creating a new generic function for ‘max’ in the global environment Creating a new generic function for ‘min’ in the global environment Creating a new generic function for ‘range’ in the global environment Creating a new generic function for ‘prod’ in the global environment Creating a new generic function for ‘sum’ in the global environment Error: processing vignette 'S4_brob.Rnw' failed with diagnostics: Running 'texi2dvi' on 'S4_brob.tex' failed. LaTeX errors: ! LaTeX Error: File `dsfont.sty' not found. Type X to quit or <RETURN> to proceed, or enter new name. (Default extension: sty) ! Emergency stop. <read *> l.4 \usepackage {bbm}^^M ! ==> Fatal error occurred, no output PDF file produced! --- failed re-building ‘S4_brob.Rnw’ SUMMARY: processing the following files failed: ‘Brobdingnag.Rnw’ ‘S4_brob.Rnw’ Error: Vignette re-building failed. Execution halted Flavor: r-oldrel-macos-x86_64