Last updated on 2023-06-02 04:53:44 CEST.
Flavor | Version | Tinstall | Tcheck | Ttotal | Status | Flags |
---|---|---|---|---|---|---|
r-devel-linux-x86_64-debian-clang | 2.15-2 | 60.20 | 342.04 | 402.24 | OK | |
r-devel-linux-x86_64-debian-gcc | 2.15-2 | 49.85 | 245.84 | 295.69 | OK | |
r-devel-linux-x86_64-fedora-clang | 2.15-2 | 505.57 | NOTE | |||
r-devel-linux-x86_64-fedora-gcc | 2.15-2 | 531.77 | OK | |||
r-devel-windows-x86_64 | 2.15-2 | 48.00 | 232.00 | 280.00 | OK | |
r-patched-linux-x86_64 | 2.15-2 | OK | ||||
r-release-linux-x86_64 | 2.15-2 | 56.33 | 319.15 | 375.48 | OK | |
r-release-macos-arm64 | 2.15-2 | 87.00 | OK | |||
r-release-macos-x86_64 | 2.15-1 | 230.00 | NOTE | |||
r-release-windows-x86_64 | 2.15-2 | 61.00 | 300.00 | 361.00 | OK | |
r-oldrel-macos-arm64 | 2.15-2 | 133.00 | OK | |||
r-oldrel-macos-x86_64 | 2.15-2 | 378.00 | OK | |||
r-oldrel-windows-x86_64 | 2.15-2 | 59.00 | 266.00 | 325.00 | OK |
Version: 2.15-2
Check: Rd cross-references
Result: NOTE
Undeclared packages ‘rgeos’, ‘pvclust’ in Rd xrefs
Flavor: r-devel-linux-x86_64-fedora-clang
Version: 2.15-1
Check: package dependencies
Result: NOTE
Package suggested but not available for checking: ‘red’
Flavor: r-release-macos-x86_64
Version: 2.15-1
Check: Rd cross-references
Result: NOTE
Package unavailable to check Rd xrefs: ‘red’
Flavor: r-release-macos-x86_64