CRAN Package Check Results for Package BinMat

Last updated on 2020-10-30 03:50:08 CET.

Flavor Version Tinstall Tcheck Ttotal Status Flags
r-devel-linux-x86_64-debian-clang 0.1.2 2.48 25.41 27.89 OK
r-devel-linux-x86_64-debian-gcc 0.1.2 1.86 19.95 21.81 OK
r-devel-linux-x86_64-fedora-clang 0.1.2 43.36 NOTE
r-devel-linux-x86_64-fedora-gcc 0.1.2 36.65 NOTE
r-devel-windows-ix86+x86_64 0.1.2 6.00 46.00 52.00 OK
r-patched-linux-x86_64 0.1.2 2.37 24.82 27.19 OK
r-patched-solaris-x86 0.1.2 48.70 NOTE
r-release-linux-x86_64 0.1.2 2.06 24.43 26.49 OK
r-release-macos-x86_64 0.1.2 NOTE
r-release-windows-ix86+x86_64 0.1.2 4.00 33.00 37.00 OK
r-oldrel-macos-x86_64 0.1.2 NOTE
r-oldrel-windows-ix86+x86_64 0.1.2 14.00 43.00 57.00 OK

Check Details

Version: 0.1.2
Check: dependencies in R code
Result: NOTE
    Namespace in Imports field not imported from: ‘magrittr’
     All declared Imports should be used.
Flavors: r-devel-linux-x86_64-fedora-clang, r-devel-linux-x86_64-fedora-gcc, r-patched-solaris-x86, r-release-macos-x86_64, r-oldrel-macos-x86_64