CRAN Package Check Results for Package BigVAR

Last updated on 2020-08-13 15:50:55 CEST.

Flavor Version Tinstall Tcheck Ttotal Status Flags
r-devel-linux-x86_64-debian-clang 1.0.6 105.40 54.82 160.22 OK
r-devel-linux-x86_64-debian-gcc 1.0.6 80.21 43.04 123.25 OK
r-devel-linux-x86_64-fedora-clang 1.0.6 221.98 NOTE
r-devel-linux-x86_64-fedora-gcc 1.0.6 203.27 OK
r-devel-windows-ix86+x86_64 1.0.6 223.00 119.00 342.00 OK
r-patched-linux-x86_64 1.0.6 91.64 55.59 147.23 OK
r-patched-solaris-x86 1.0.6 181.30 OK
r-release-linux-x86_64 1.0.6 93.87 56.27 150.14 OK
r-release-macos-x86_64 1.0.6 NOTE
r-release-windows-ix86+x86_64 1.0.6 216.00 95.00 311.00 OK
r-oldrel-macos-x86_64 1.0.6 NOTE
r-oldrel-windows-ix86+x86_64 1.0.6 140.00 94.00 234.00 OK

Check Details

Version: 1.0.6
Check: installed package size
Result: NOTE
     installed size is 18.6Mb
     sub-directories of 1Mb or more:
     libs 18.0Mb
Flavors: r-devel-linux-x86_64-fedora-clang, r-release-macos-x86_64, r-oldrel-macos-x86_64