CRAN Package Check Results for Package BiasCorrector

Last updated on 2024-03-01 16:49:14 CET.

Flavor Version Tinstall Tcheck Ttotal Status Flags
r-devel-linux-x86_64-debian-clang 0.2.2 4.73 53.89 58.62 NOTE
r-devel-linux-x86_64-debian-gcc 0.2.2 5.99 40.12 46.11 NOTE
r-devel-linux-x86_64-fedora-clang 0.2.2 82.58 NOTE
r-devel-linux-x86_64-fedora-gcc 0.2.2 75.79 NOTE
r-devel-windows-x86_64 0.2.2 8.00 64.00 72.00 OK
r-patched-linux-x86_64 0.2.2 6.91 52.50 59.41 OK
r-release-linux-x86_64 0.2.2 6.43 52.52 58.95 OK
r-release-macos-arm64 0.2.2 24.00 OK
r-release-macos-x86_64 0.2.2 36.00 OK
r-release-windows-x86_64 0.2.2 11.00 73.00 84.00 OK
r-oldrel-macos-arm64 0.2.2 20.00 OK
r-oldrel-windows-x86_64 0.2.2 10.00 73.00 83.00 OK

Check Details

Version: 0.2.2
Check: Rd files
Result: NOTE checkRd: (-1) module_calibrationfile_server.Rd:19: Lost braces; missing escapes or markup? 19 | expression: input_re = reactive({input})} | ^ checkRd: (-1) module_correctedplots_server.Rd:19: Lost braces; missing escapes or markup? 19 | expression: input_re = reactive({input})} | ^ checkRd: (-1) module_correctedstats_server.Rd:19: Lost braces; missing escapes or markup? 19 | expression: input_re = reactive({input})} | ^ checkRd: (-1) module_fileupload_server.Rd:19: Lost braces; missing escapes or markup? 19 | expression: input_re = reactive({input})} | ^ checkRd: (-1) module_info_server.Rd:19: Lost braces; missing escapes or markup? 19 | expression: input_re = reactive({input})} | ^ checkRd: (-1) module_log_server.Rd:19: Lost braces; missing escapes or markup? 19 | expression: input_re = reactive({input})} | ^ checkRd: (-1) module_modelselection_server.Rd:19: Lost braces; missing escapes or markup? 19 | expression: input_re = reactive({input})} | ^ checkRd: (-1) module_plotting_server.Rd:19: Lost braces; missing escapes or markup? 19 | expression: input_re = reactive({input})} | ^ checkRd: (-1) module_results_server.Rd:19: Lost braces; missing escapes or markup? 19 | expression: input_re = reactive({input})} | ^ checkRd: (-1) module_settings_server.Rd:19: Lost braces; missing escapes or markup? 19 | expression: input_re = reactive({input})} | ^ checkRd: (-1) module_statistics_server.Rd:19: Lost braces; missing escapes or markup? 19 | expression: input_re = reactive({input})} | ^ Flavors: r-devel-linux-x86_64-debian-clang, r-devel-linux-x86_64-debian-gcc, r-devel-linux-x86_64-fedora-clang, r-devel-linux-x86_64-fedora-gcc