CRAN Package Check Results for Package BiDimRegression

Last updated on 2024-03-03 16:49:52 CET.

Flavor Version Tinstall Tcheck Ttotal Status Flags
r-devel-linux-x86_64-debian-clang 2.0.1 3.19 39.17 42.36 NOTE
r-devel-linux-x86_64-debian-gcc 2.0.1 2.34 29.55 31.89 NOTE
r-devel-linux-x86_64-fedora-clang 2.0.1 55.86 NOTE
r-devel-linux-x86_64-fedora-gcc 2.0.1 66.30 NOTE
r-devel-windows-x86_64 2.0.1 5.00 52.00 57.00 NOTE
r-patched-linux-x86_64 2.0.1 3.52 37.43 40.95 OK
r-release-linux-x86_64 2.0.1 3.50 37.89 41.39 OK
r-release-macos-arm64 2.0.1 26.00 OK
r-release-macos-x86_64 2.0.1 40.00 OK
r-release-windows-x86_64 2.0.1 6.00 55.00 61.00 OK
r-oldrel-macos-arm64 2.0.1 22.00 OK
r-oldrel-windows-x86_64 2.0.1 5.00 57.00 62.00 OK

Check Details

Version: 2.0.1
Check: Rd files
Result: NOTE checkRd: (-1) BiDimRegression.Rd:29: Lost braces; missing escapes or markup? 29 | \item \code{euclidean.df1, affine.df1} - degrees of freedom of the nominator used for the F-statistics propagated by Nakaya (1997); df1 = p-2, with p is the number of elements needed to calculate the referring model: p=4 for the Euclidean and p=6 for the affine geometry {Nakaya, 1997, Table 1}. | ^ Flavors: r-devel-linux-x86_64-debian-clang, r-devel-linux-x86_64-debian-gcc, r-devel-linux-x86_64-fedora-clang, r-devel-linux-x86_64-fedora-gcc, r-devel-windows-x86_64