CRAN Package Check Results for Package BetaBit

Last updated on 2020-08-06 15:49:24 CEST.

Flavor Version Tinstall Tcheck Ttotal Status Flags
r-devel-linux-x86_64-debian-clang 1.3 3.67 23.01 26.68 OK
r-devel-linux-x86_64-debian-gcc 1.3 3.35 18.40 21.75 OK
r-devel-linux-x86_64-fedora-clang 1.3 41.14 NOTE
r-devel-linux-x86_64-fedora-gcc 1.3 32.18 NOTE
r-devel-windows-ix86+x86_64 1.3 11.00 38.00 49.00 OK
r-patched-linux-x86_64 1.3 3.49 22.90 26.39 OK
r-patched-solaris-x86 1.3 49.90 NOTE
r-release-linux-x86_64 1.3 4.25 22.85 27.10 OK
r-release-macos-x86_64 1.3 NOTE
r-release-windows-ix86+x86_64 1.3 11.00 57.00 68.00 OK
r-oldrel-macos-x86_64 1.3 NOTE
r-oldrel-windows-ix86+x86_64 1.3 8.00 38.00 46.00 OK

Check Details

Version: 1.3
Check: data for non-ASCII characters
Result: NOTE
     Note: found 20 marked UTF-8 strings
Flavors: r-devel-linux-x86_64-fedora-clang, r-devel-linux-x86_64-fedora-gcc, r-patched-solaris-x86, r-release-macos-x86_64, r-oldrel-macos-x86_64