CRAN Package Check Results for Package Bchron

Last updated on 2024-03-05 04:57:32 CET.

Flavor Version Tinstall Tcheck Ttotal Status Flags
r-devel-linux-x86_64-debian-clang 4.7.6 10.70 447.66 458.36 NOTE
r-devel-linux-x86_64-debian-gcc 4.7.6 8.64 328.76 337.40 NOTE
r-devel-linux-x86_64-fedora-clang 4.7.6 566.55 NOTE
r-devel-linux-x86_64-fedora-gcc 4.7.6 560.39 NOTE
r-devel-windows-x86_64 4.7.6 13.00 312.00 325.00 NOTE
r-patched-linux-x86_64 4.7.6 17.42 427.36 444.78 NOTE
r-release-linux-x86_64 4.7.6 7.14 425.80 432.94 NOTE
r-release-macos-arm64 4.7.6 209.00 NOTE
r-release-macos-x86_64 4.7.6 353.00 NOTE
r-release-windows-x86_64 4.7.6 15.00 426.00 441.00 NOTE
r-oldrel-macos-arm64 4.7.6 183.00 OK
r-oldrel-windows-x86_64 4.7.6 15.00 434.00 449.00 OK

Check Details

Version: 4.7.6
Check: Rd files
Result: NOTE checkRd: (-1) BchronDensity.Rd:47: Lost braces in \itemize; \value handles \item{}{} directly checkRd: (-1) BchronDensity.Rd:48: Lost braces in \itemize; \value handles \item{}{} directly checkRd: (-1) BchronDensity.Rd:49: Lost braces in \itemize; \value handles \item{}{} directly checkRd: (-1) BchronDensity.Rd:50: Lost braces in \itemize; \value handles \item{}{} directly checkRd: (-1) BchronDensity.Rd:51: Lost braces in \itemize; \value handles \item{}{} directly checkRd: (-1) BchronDensity.Rd:52: Lost braces in \itemize; \value handles \item{}{} directly checkRd: (-1) BchronDensity.Rd:53: Lost braces in \itemize; \value handles \item{}{} directly checkRd: (-1) BchronRSL.Rd:34-41: Lost braces 34 | itemize{ | ^ checkRd: (-1) Glendalough.Rd:19: Escaped LaTeX specials: \& checkRd: (-1) Sluggan.Rd:19: Escaped LaTeX specials: \& Flavors: r-devel-linux-x86_64-debian-clang, r-devel-linux-x86_64-debian-gcc, r-devel-linux-x86_64-fedora-clang, r-devel-linux-x86_64-fedora-gcc, r-devel-windows-x86_64

Version: 4.7.6
Check: Rd files
Result: NOTE checkRd: (-1) Glendalough.Rd:19: Escaped LaTeX specials: \& checkRd: (-1) Sluggan.Rd:19: Escaped LaTeX specials: \& Flavors: r-patched-linux-x86_64, r-release-linux-x86_64, r-release-macos-arm64, r-release-macos-x86_64, r-release-windows-x86_64