Last updated on 2023-11-28 04:57:12 CET.
Flavor | Version | Tinstall | Tcheck | Ttotal | Status | Flags |
---|---|---|---|---|---|---|
r-devel-linux-x86_64-debian-clang | 0.1.8 | 37.57 | 279.34 | 316.91 | NOTE | |
r-devel-linux-x86_64-debian-gcc | 0.1.8 | 26.78 | 205.42 | 232.20 | NOTE | |
r-devel-linux-x86_64-fedora-clang | 0.1.8 | 395.06 | OK | |||
r-devel-linux-x86_64-fedora-gcc | 0.1.8 | 386.29 | OK | |||
r-devel-windows-x86_64 | 0.1.8 | 33.00 | 227.00 | 260.00 | OK | |
r-patched-linux-x86_64 | 0.1.8 | 34.29 | 266.65 | 300.94 | OK | |
r-release-linux-x86_64 | 0.1.8 | 24.24 | 267.24 | 291.48 | OK | |
r-release-macos-arm64 | 0.1.8 | 111.00 | OK | |||
r-release-macos-x86_64 | 0.1.8 | 182.00 | NOTE | |||
r-release-windows-x86_64 | 0.1.8 | 44.00 | 312.00 | 356.00 | OK | |
r-oldrel-macos-arm64 | 0.1.8 | 72.00 | OK | |||
r-oldrel-macos-x86_64 | 0.1.8 | 130.00 | OK | |||
r-oldrel-windows-x86_64 | 0.1.8 | 40.00 | 280.00 | 320.00 | OK |
Version: 0.1.8
Check: Rd files
Result: NOTE
checkRd: (-1) DE.Rd:43: Lost braces in \itemize; meant \describe ?
checkRd: (-1) DE.Rd:44: Lost braces in \itemize; meant \describe ?
checkRd: (-1) DE.Rd:45: Lost braces in \itemize; meant \describe ?
checkRd: (-1) DE.Rd:46: Lost braces in \itemize; meant \describe ?
checkRd: (-1) DEzs.Rd:58: Lost braces in \itemize; meant \describe ?
checkRd: (-1) DEzs.Rd:59: Lost braces in \itemize; meant \describe ?
checkRd: (-1) DEzs.Rd:60: Lost braces in \itemize; meant \describe ?
checkRd: (-1) DEzs.Rd:61: Lost braces in \itemize; meant \describe ?
Flavors: r-devel-linux-x86_64-debian-clang, r-devel-linux-x86_64-debian-gcc
Version: 0.1.8
Check: package dependencies
Result: NOTE
Package suggested but not available for checking: ‘sensitivity’
Flavor: r-release-macos-x86_64