CRAN Package Check Results for Package BayesianGLasso

Last updated on 2024-07-19 04:56:33 CEST.

Flavor Version Tinstall Tcheck Ttotal Status Flags
r-devel-linux-x86_64-debian-clang 0.2.0 2.23 22.38 24.61 NOTE
r-devel-linux-x86_64-debian-gcc 0.2.0 1.24 16.81 18.05 NOTE
r-devel-linux-x86_64-fedora-clang 0.2.0 30.56 NOTE
r-devel-linux-x86_64-fedora-gcc 0.2.0 29.13 NOTE
r-devel-windows-x86_64 0.2.0 2.00 38.00 40.00 NOTE
r-patched-linux-x86_64 0.2.0 1.99 21.43 23.42 NOTE
r-release-linux-x86_64 0.2.0 2.05 21.26 23.31 NOTE
r-release-macos-arm64 0.2.0 13.00 NOTE
r-release-macos-x86_64 0.2.0 20.00 NOTE
r-release-windows-x86_64 0.2.0 2.00 37.00 39.00 NOTE
r-oldrel-macos-arm64 0.2.0 15.00 NOTE
r-oldrel-macos-x86_64 0.2.0 20.00 NOTE
r-oldrel-windows-x86_64 0.2.0 2.00 38.00 40.00 NOTE

Check Details

Version: 0.2.0
Check: LazyData
Result: NOTE 'LazyData' is specified without a 'data' directory Flavors: r-devel-linux-x86_64-debian-clang, r-devel-linux-x86_64-debian-gcc, r-devel-linux-x86_64-fedora-clang, r-devel-linux-x86_64-fedora-gcc, r-devel-windows-x86_64, r-patched-linux-x86_64, r-release-linux-x86_64, r-release-macos-arm64, r-release-macos-x86_64, r-release-windows-x86_64, r-oldrel-macos-arm64, r-oldrel-macos-x86_64, r-oldrel-windows-x86_64