CRAN Package Check Results for Package BayesSampling

Last updated on 2024-03-01 16:49:14 CET.

Flavor Version Tinstall Tcheck Ttotal Status Flags
r-devel-linux-x86_64-debian-clang 1.1.0 8.97 90.03 99.00 OK
r-devel-linux-x86_64-debian-gcc 1.1.0 7.04 63.98 71.02 OK
r-devel-linux-x86_64-fedora-clang 1.1.0 122.72 NOTE
r-devel-linux-x86_64-fedora-gcc 1.1.0 137.85 NOTE
r-devel-windows-x86_64 1.1.0 7.00 93.00 100.00 OK
r-patched-linux-x86_64 1.1.0 8.55 88.64 97.19 OK
r-release-linux-x86_64 1.1.0 9.16 88.73 97.89 OK
r-release-macos-arm64 1.1.0 53.00 OK
r-release-macos-x86_64 1.1.0 91.00 OK
r-release-windows-x86_64 1.1.0 11.00 97.00 108.00 OK
r-oldrel-macos-arm64 1.1.0 45.00 OK
r-oldrel-windows-x86_64 1.1.0 10.00 97.00 107.00 OK

Check Details

Version: 1.1.0
Check: dependencies in R code
Result: NOTE Namespaces in Imports field not imported from: ‘MASS’ ‘Matrix’ ‘matrixcalc’ ‘stats’ All declared Imports should be used. Flavors: r-devel-linux-x86_64-fedora-clang, r-devel-linux-x86_64-fedora-gcc