Last updated on 2023-11-29 04:57:15 CET.
Flavor | Version | Tinstall | Tcheck | Ttotal | Status | Flags |
---|---|---|---|---|---|---|
r-devel-linux-x86_64-debian-clang | 0.2.8 | 48.89 | 119.23 | 168.12 | WARN | |
r-devel-linux-x86_64-debian-gcc | 0.2.8 | 40.12 | 88.44 | 128.56 | NOTE | |
r-devel-linux-x86_64-fedora-clang | 0.2.8 | 220.09 | WARN | |||
r-devel-linux-x86_64-fedora-gcc | 0.2.8 | 240.08 | NOTE | |||
r-devel-windows-x86_64 | 0.2.8 | 40.00 | 146.00 | 186.00 | NOTE | |
r-patched-linux-x86_64 | 0.2.8 | 53.74 | 140.20 | 193.94 | NOTE | |
r-release-linux-x86_64 | 0.2.8 | 34.09 | 141.20 | 175.29 | NOTE | |
r-release-macos-arm64 | 0.2.8 | 89.00 | NOTE | |||
r-release-macos-x86_64 | 0.2.8 | 117.00 | NOTE | |||
r-release-windows-x86_64 | 0.2.8 | 53.00 | 160.00 | 213.00 | NOTE | |
r-oldrel-macos-arm64 | 0.2.8 | 72.00 | NOTE | |||
r-oldrel-macos-x86_64 | 0.2.8 | 96.00 | NOTE | |||
r-oldrel-windows-x86_64 | 0.2.8 | 49.00 | 176.00 | 225.00 | OK |
Version: 0.2.8
Check: whether package can be installed
Result: WARN
Found the following significant warnings:
RcppExports.cpp:48:18: warning: format string is not a string literal (potentially insecure) [-Wformat-security]
RcppExports.cpp:98:18: warning: format string is not a string literal (potentially insecure) [-Wformat-security]
RcppExports.cpp:136:18: warning: format string is not a string literal (potentially insecure) [-Wformat-security]
See ‘/home/hornik/tmp/R.check/r-devel-clang/Work/PKGS/BayesLN.Rcheck/00install.out’ for details.
* used C compiler: ‘Debian clang version 17.0.5 (1)’
* used C++ compiler: ‘Debian clang version 17.0.5 (1)’
Flavor: r-devel-linux-x86_64-debian-clang
Version: 0.2.8
Check: C++ specification
Result: NOTE
Specified C++11: please drop specification unless essential
Flavors: r-devel-linux-x86_64-debian-clang, r-devel-linux-x86_64-debian-gcc, r-devel-linux-x86_64-fedora-clang, r-devel-linux-x86_64-fedora-gcc, r-devel-windows-x86_64, r-patched-linux-x86_64, r-release-linux-x86_64, r-release-macos-arm64, r-release-macos-x86_64, r-release-windows-x86_64
Version: 0.2.8
Check: whether package can be installed
Result: WARN
Found the following significant warnings:
RcppExports.cpp:48:18: warning: format string is not a string literal (potentially insecure) [-Wformat-security]
RcppExports.cpp:98:18: warning: format string is not a string literal (potentially insecure) [-Wformat-security]
RcppExports.cpp:136:18: warning: format string is not a string literal (potentially insecure) [-Wformat-security]
See ‘/data/gannet/ripley/R/packages/tests-clang/BayesLN.Rcheck/00install.out’ for details.
* used C compiler: ‘clang version 17.0.5’
* used C++ compiler: ‘clang version 17.0.5’
Flavor: r-devel-linux-x86_64-fedora-clang
Version: 0.2.8
Check: installed package size
Result: NOTE
installed size is 11.4Mb
sub-directories of 1Mb or more:
libs 11.1Mb
Flavors: r-release-macos-arm64, r-release-macos-x86_64, r-oldrel-macos-arm64, r-oldrel-macos-x86_64