Last updated on 2023-12-03 04:56:00 CET.
Flavor | Version | Tinstall | Tcheck | Ttotal | Status | Flags |
---|---|---|---|---|---|---|
r-devel-linux-x86_64-debian-clang | 0.1-2 | 58.06 | 34.71 | 92.77 | NOTE | |
r-devel-linux-x86_64-debian-gcc | 0.1-2 | 34.95 | 26.67 | 61.62 | NOTE | |
r-devel-linux-x86_64-fedora-clang | 0.1-2 | 121.23 | NOTE | |||
r-devel-linux-x86_64-fedora-gcc | 0.1-2 | 124.97 | NOTE | |||
r-devel-windows-x86_64 | 0.1-2 | 39.00 | 64.00 | 103.00 | NOTE | |
r-patched-linux-x86_64 | 0.1-2 | 39.58 | 34.68 | 74.26 | NOTE | |
r-release-linux-x86_64 | 0.1-2 | 38.71 | 33.32 | 72.03 | NOTE | |
r-release-macos-arm64 | 0.1-2 | 34.00 | NOTE | |||
r-release-macos-x86_64 | 0.1-2 | 50.00 | NOTE | |||
r-release-windows-x86_64 | 0.1-2 | 52.00 | 75.00 | 127.00 | NOTE | |
r-oldrel-macos-arm64 | 0.1-2 | 39.00 | OK | |||
r-oldrel-macos-x86_64 | 0.1-2 | 44.00 | OK | |||
r-oldrel-windows-x86_64 | 0.1-2 | 51.00 | 74.00 | 125.00 | OK |
Version: 0.1-2
Check: Rd files
Result: NOTE
checkRd: (-1) BayesComm-package.Rd:33: Escaped LaTeX specials: \&
Flavors: r-devel-linux-x86_64-debian-clang, r-devel-linux-x86_64-debian-gcc, r-devel-linux-x86_64-fedora-clang, r-devel-linux-x86_64-fedora-gcc, r-devel-windows-x86_64, r-patched-linux-x86_64, r-release-linux-x86_64, r-release-macos-arm64, r-release-macos-x86_64, r-release-windows-x86_64
Version: 0.1-2
Check: compiled code
Result: NOTE
File ‘BayesComm/libs/BayesComm.so’:
Found no calls to: ‘R_registerRoutines’, ‘R_useDynamicSymbols’
It is good practice to register native routines and to disable symbol
search.
See ‘Writing portable packages’ in the ‘Writing R Extensions’ manual.
Flavors: r-devel-linux-x86_64-fedora-clang, r-devel-linux-x86_64-fedora-gcc