CRAN Package Check Results for Package BayesComm

Last updated on 2020-08-06 15:49:23 CEST.

Flavor Version Tinstall Tcheck Ttotal Status Flags
r-devel-linux-x86_64-debian-clang 0.1-2 45.29 30.32 75.61 OK
r-devel-linux-x86_64-debian-gcc 0.1-2 34.65 23.67 58.32 OK
r-devel-linux-x86_64-fedora-clang 0.1-2 111.40 NOTE
r-devel-linux-x86_64-fedora-gcc 0.1-2 95.83 NOTE
r-devel-windows-ix86+x86_64 0.1-2 113.00 68.00 181.00 OK
r-patched-linux-x86_64 0.1-2 35.22 29.79 65.01 OK
r-patched-solaris-x86 0.1-2 100.00 OK
r-release-linux-x86_64 0.1-2 35.61 30.37 65.98 OK
r-release-macos-x86_64 0.1-2 OK
r-release-windows-ix86+x86_64 0.1-2 118.00 96.00 214.00 OK
r-oldrel-macos-x86_64 0.1-2 OK
r-oldrel-windows-ix86+x86_64 0.1-2 79.00 81.00 160.00 OK

Check Details

Version: 0.1-2
Check: compiled code
Result: NOTE
    File ‘BayesComm/libs/BayesComm.so’:
     Found no calls to: ‘R_registerRoutines’, ‘R_useDynamicSymbols’
    
    It is good practice to register native routines and to disable symbol
    search.
    
    See ‘Writing portable packages’ in the ‘Writing R Extensions’ manual.
Flavors: r-devel-linux-x86_64-fedora-clang, r-devel-linux-x86_64-fedora-gcc