CRAN Package Check Results for Package BacArena

Last updated on 2020-08-04 03:47:43 CEST.

Flavor Version Tinstall Tcheck Ttotal Status Flags
r-devel-linux-x86_64-debian-clang 1.8.2 98.26 348.68 446.94 OK
r-devel-linux-x86_64-debian-gcc 1.8.2 73.92 260.66 334.58 OK
r-devel-linux-x86_64-fedora-clang 1.8.2 539.88 NOTE
r-devel-linux-x86_64-fedora-gcc 1.8.2 531.38 NOTE
r-devel-windows-ix86+x86_64 1.8.2 217.00 617.00 834.00 NOTE
r-patched-linux-x86_64 1.8.2 84.03 336.05 420.08 OK
r-patched-solaris-x86 1.8.2 686.40 NOTE
r-release-linux-x86_64 1.8.2 79.05 337.03 416.08 OK
r-release-macos-x86_64 1.8.2 NOTE
r-release-windows-ix86+x86_64 1.8.2 231.00 531.00 762.00 NOTE
r-oldrel-macos-x86_64 1.8.2 NOTE
r-oldrel-windows-ix86+x86_64 1.8.2 148.00 402.00 550.00 NOTE

Check Details

Version: 1.8.2
Check: installed package size
Result: NOTE
     installed size is 9.0Mb
     sub-directories of 1Mb or more:
     R 1.2Mb
     data 3.3Mb
     libs 3.8Mb
Flavors: r-devel-linux-x86_64-fedora-clang, r-devel-windows-ix86+x86_64, r-patched-solaris-x86, r-release-macos-x86_64, r-release-windows-ix86+x86_64, r-oldrel-macos-x86_64, r-oldrel-windows-ix86+x86_64

Version: 1.8.2
Check: dependencies in R code
Result: NOTE
    Namespace in Imports field not imported from: ‘glpkAPI’
     All declared Imports should be used.
Flavors: r-devel-linux-x86_64-fedora-clang, r-devel-linux-x86_64-fedora-gcc, r-patched-solaris-x86, r-release-macos-x86_64, r-oldrel-macos-x86_64