CRAN Package Check Results for Package BRugs

Last updated on 2024-02-26 04:49:22 CET.

Flavor Version Tinstall Tcheck Ttotal Status Flags
r-devel-linux-x86_64-debian-clang 0.9-2 6.84 83.01 89.85 WARN
r-devel-linux-x86_64-debian-gcc 0.9-2 5.34 64.09 69.43 WARN
r-devel-linux-x86_64-fedora-clang 0.9-2 116.05 WARN
r-devel-linux-x86_64-fedora-gcc 0.9-2.1 115.27 NOTE
r-devel-windows-x86_64 0.9-2 9.00 5.00 14.00 ERROR
r-patched-linux-x86_64 0.9-2 7.92 82.77 90.69 NOTE
r-release-linux-x86_64 0.9-2 7.05 81.99 89.04 NOTE
r-release-windows-x86_64 0.9-2 11.00 6.00 17.00 ERROR
r-oldrel-windows-x86_64 0.9-2.1 1.00 21.00 22.00 ERROR

Check Details

Version: 0.9-2
Check: whether package can be installed
Result: WARN Found the following significant warnings: Warning in is.R() : 'is.R' is deprecated. See ‘/home/hornik/tmp/R.check/r-devel-clang/Work/PKGS/BRugs.Rcheck/00install.out’ for details. * used C compiler: ‘Debian clang version 17.0.6 (5)’ Flavor: r-devel-linux-x86_64-debian-clang

Version: 0.9-2
Check: include directives in Makefiles
Result: NOTE Found the following Makefile(s) with an include directive with a pathname using R_HOME: src/Makefile.win Even though not recommended, variable R_HOME may contain spaces. Makefile directives use space as a separator and there is no portable way to quote/escape the space in Make rules and directives. However, one can and should quote pathnames when passed from Makefile to the shell, and this can be done specifically when invoking Make recursively. It is therefore recommended to use the Make '-f' option to include files in directories specified using R_HOME. This option can be specified multiple times to include multiple Makefiles. Note that 'Makeconf' is included automatically into top-level makefile of a package. More information can be found in 'Writing R Extensions'. Flavors: r-devel-linux-x86_64-debian-clang, r-devel-linux-x86_64-debian-gcc, r-devel-linux-x86_64-fedora-clang, r-patched-linux-x86_64, r-release-linux-x86_64

Version: 0.9-2
Check: examples
Result: WARN Found the following significant warnings: Warning in is.R() : 'is.R' is deprecated. Warning in is.R() : 'is.R' is deprecated. Deprecated functions may be defunct as soon as of the next release of R. See ?Deprecated. Flavors: r-devel-linux-x86_64-debian-clang, r-devel-linux-x86_64-debian-gcc, r-devel-linux-x86_64-fedora-clang

Version: 0.9-2
Check: whether package can be installed
Result: WARN Found the following significant warnings: Warning in is.R() : 'is.R' is deprecated. See ‘/home/hornik/tmp/R.check/r-devel-gcc/Work/PKGS/BRugs.Rcheck/00install.out’ for details. * used C compiler: ‘gcc-13 (Debian 13.2.0-13) 13.2.0’ Flavor: r-devel-linux-x86_64-debian-gcc

Version: 0.9-2
Check: whether package can be installed
Result: WARN Found the following significant warnings: Warning in is.R() : 'is.R' is deprecated. See ‘/data/gannet/ripley/R/packages/tests-clang/BRugs.Rcheck/00install.out’ for details. * used C compiler: ‘clang version 18.1.0rc’ Flavor: r-devel-linux-x86_64-fedora-clang

Version: 0.9-2.1
Check: include directives in Makefiles
Result: NOTE Found the following Makefile(s) with an include directive with a pathname using R_HOME: src/Makefile.win Even though not recommended, variable R_HOME may contain spaces. Makefile directives use space as a separator and there is no portable way to quote/escape the space in Make rules and directives. However, one can and should quote pathnames when passed from Makefile to the shell, and this can be done specifically when invoking Make recursively. It is therefore recommended to use the Make '-f' option to include files in directories specified using R_HOME. This option can be specified multiple times to include multiple Makefiles. Note that 'Makeconf' is included automatically into top-level makefile of a package. More information can be found in 'Writing R Extensions'. Flavor: r-devel-linux-x86_64-fedora-gcc

Version: 0.9-2
Check: whether package can be installed
Result: ERROR Installation failed. Flavors: r-devel-windows-x86_64, r-release-windows-x86_64

Version: 0.9-2.1
Check: whether package can be installed
Result: ERROR Installation failed. Flavor: r-oldrel-windows-x86_64