CRAN Package Check Results for Package BOSO

Last updated on 2024-02-25 04:51:00 CET.

Flavor Version Tinstall Tcheck Ttotal Status Flags
r-devel-linux-x86_64-debian-clang 1.0.3 9.17 109.43 118.60 NOTE
r-devel-linux-x86_64-debian-gcc 1.0.3 7.65 82.46 90.11 NOTE
r-devel-linux-x86_64-fedora-clang 1.0.3 125.99 ERROR
r-devel-linux-x86_64-fedora-gcc 1.0.3 140.76 ERROR
r-devel-windows-x86_64 1.0.3 9.00 94.00 103.00 NOTE
r-patched-linux-x86_64 1.0.3 10.33 109.15 119.48 NOTE
r-release-linux-x86_64 1.0.3 9.22 108.94 118.16 NOTE
r-release-macos-arm64 1.0.3 51.00 NOTE
r-release-macos-x86_64 1.0.3 96.00 NOTE
r-release-windows-x86_64 1.0.3 11.00 116.00 127.00 NOTE
r-oldrel-macos-arm64 1.0.3 51.00 NOTE
r-oldrel-windows-x86_64 1.0.3 10.00 103.00 113.00 ERROR

Additional issues

donttest

Check Details

Version: 1.0.3
Check: package dependencies
Result: NOTE Packages suggested but not available for checking: 'cplexAPI', 'bestsubset' Flavors: r-devel-linux-x86_64-debian-clang, r-devel-linux-x86_64-debian-gcc, r-devel-linux-x86_64-fedora-clang, r-devel-linux-x86_64-fedora-gcc, r-devel-windows-x86_64, r-patched-linux-x86_64, r-release-linux-x86_64, r-release-macos-arm64, r-release-macos-x86_64, r-release-windows-x86_64, r-oldrel-macos-arm64, r-oldrel-windows-x86_64

Version: 1.0.3
Check: Rd \usage sections
Result: NOTE Documented arguments not in \usage in Rd file 'InternalFunctions.Rd': ‘metric’ ‘matrix’ Functions with \usage entries need to have the appropriate \alias entries, and all their arguments documented. The \usage entries must correspond to syntactically valid R code. See chapter ‘Writing R documentation files’ in the ‘Writing R Extensions’ manual. Flavors: r-devel-linux-x86_64-debian-clang, r-devel-linux-x86_64-debian-gcc, r-devel-linux-x86_64-fedora-clang, r-devel-linux-x86_64-fedora-gcc, r-devel-windows-x86_64

Version: 1.0.3
Check: re-building of vignette outputs
Result: ERROR Error(s) in re-building vignettes: --- re-building ‘BOSO.Rmd’ using rmarkdown Quitting from lines 475-492 [plot_comparison_BOSOvsREST] (BOSO.Rmd) Error: processing vignette 'BOSO.Rmd' failed with diagnostics: The `legend.pos` theme element is not defined in the element hierarchy. --- failed re-building ‘BOSO.Rmd’ SUMMARY: processing the following file failed: ‘BOSO.Rmd’ Error: Vignette re-building failed. Execution halted Flavors: r-devel-linux-x86_64-fedora-clang, r-devel-linux-x86_64-fedora-gcc, r-oldrel-windows-x86_64