CRAN Package Check Results for Package BNPdensity

Last updated on 2024-02-26 04:49:21 CET.

Flavor Version Tinstall Tcheck Ttotal Status Flags
r-devel-linux-x86_64-debian-clang 2023.3.8 13.74 193.70 207.44 NOTE
r-devel-linux-x86_64-debian-gcc 2023.3.8 10.62 140.89 151.51 NOTE
r-devel-linux-x86_64-fedora-clang 2023.3.8 256.68 NOTE
r-devel-linux-x86_64-fedora-gcc 2023.3.8 247.90 NOTE
r-devel-windows-x86_64 2023.3.8 12.00 228.00 240.00 OK
r-patched-linux-x86_64 2023.3.8 13.45 184.37 197.82 OK
r-release-linux-x86_64 2023.3.8 11.89 181.33 193.22 OK
r-release-macos-arm64 2023.3.8 68.00 OK
r-release-macos-x86_64 2023.3.8 123.00 OK
r-release-windows-x86_64 2023.3.8 17.00 246.00 263.00 OK
r-oldrel-macos-arm64 2023.3.8 57.00 OK
r-oldrel-windows-x86_64 2023.3.8 17.00 228.00 245.00 OK

Check Details

Version: 2023.3.8
Check: Rd files
Result: NOTE checkRd: (-1) MvInv.Rd:23-35: Lost braces 23 | function(eps, u = 0.5, alpha = 1, kappa = 1, gama = 1 / 2, N = 3001) { | ^ checkRd: (-1) dt_.Rd:19-21: Lost braces 19 | function(x, df, mean, sd) { | ^ Flavors: r-devel-linux-x86_64-debian-clang, r-devel-linux-x86_64-debian-gcc, r-devel-linux-x86_64-fedora-clang, r-devel-linux-x86_64-fedora-gcc