CRAN Package Check Results for Package BMRBr

Last updated on 2020-08-09 15:47:38 CEST.

Flavor Version Tinstall Tcheck Ttotal Status Flags
r-devel-linux-x86_64-debian-clang 0.2.0 2.20 23.51 25.71 OK
r-devel-linux-x86_64-debian-gcc 0.2.0 1.79 18.54 20.33 OK
r-devel-linux-x86_64-fedora-clang 0.2.0 39.80 OK
r-devel-linux-x86_64-fedora-gcc 0.2.0 30.33 OK
r-devel-windows-ix86+x86_64 0.2.0 8.00 69.00 77.00 WARN
r-patched-linux-x86_64 0.2.0 2.26 23.62 25.88 OK
r-patched-solaris-x86 0.2.0 49.90 OK
r-release-linux-x86_64 0.2.0 1.82 23.45 25.27 OK
r-release-macos-x86_64 0.2.0 OK
r-release-windows-ix86+x86_64 0.2.0 8.00 48.00 56.00 OK
r-oldrel-macos-x86_64 0.2.0 OK
r-oldrel-windows-ix86+x86_64 0.2.0 4.00 39.00 43.00 OK

Check Details

Version: 0.2.0
Check: whether the namespace can be loaded with stated dependencies
Result: WARN
    
    A namespace must be able to be loaded with just the base namespace
    loaded: otherwise if the namespace gets loaded by a saved object, the
    session will be unable to start.
    
    Probably some imports need to be declared in the NAMESPACE file.
Flavor: r-devel-windows-ix86+x86_64