CRAN Package Check Results for Package BH

Last updated on 2020-07-09 04:49:14 CEST.

Flavor Version Tinstall Tcheck Ttotal Status Flags
r-devel-linux-x86_64-debian-clang 1.72.0-3 22.52 39.34 61.86 OK
r-devel-linux-x86_64-debian-gcc 1.72.0-3 18.52 30.98 49.50 OK
r-devel-linux-x86_64-fedora-clang 1.72.0-3 62.16 NOTE
r-devel-linux-x86_64-fedora-gcc 1.72.0-3 51.73 OK
r-devel-windows-ix86+x86_64 1.72.0-3 121.00 58.00 179.00 NOTE
r-patched-linux-x86_64 1.72.0-3 23.24 38.80 62.04 OK
r-patched-solaris-x86 1.72.0-3 166.50 NOTE
r-release-linux-x86_64 1.72.0-3 21.91 38.61 60.52 OK
r-release-osx-x86_64 1.72.0-3 NOTE
r-release-windows-ix86+x86_64 1.72.0-3 125.00 54.00 179.00 NOTE
r-oldrel-osx-x86_64 1.72.0-3 NOTE
r-oldrel-windows-ix86+x86_64 1.72.0-3 143.00 108.00 251.00 NOTE

Check Details

Version: 1.72.0-3
Check: installed package size
Result: NOTE
     installed size is 135.0Mb
     sub-directories of 1Mb or more:
     include 134.9Mb
Flavors: r-devel-linux-x86_64-fedora-clang, r-devel-windows-ix86+x86_64, r-patched-solaris-x86, r-release-osx-x86_64, r-release-windows-ix86+x86_64, r-oldrel-osx-x86_64, r-oldrel-windows-ix86+x86_64