Last updated on 2023-09-28 16:54:13 CEST.
Flavor | Version | Tinstall | Tcheck | Ttotal | Status | Flags |
---|---|---|---|---|---|---|
r-devel-linux-x86_64-debian-clang | 1.81.0-1 | 31.67 | 46.02 | 77.69 | OK | |
r-devel-linux-x86_64-debian-gcc | 1.81.0-1 | 18.57 | 35.10 | 53.67 | OK | |
r-devel-linux-x86_64-fedora-clang | 1.81.0-1 | 68.85 | NOTE | |||
r-devel-linux-x86_64-fedora-gcc | 1.81.0-1 | 65.88 | OK | |||
r-devel-windows-x86_64 | 1.81.0-1 | 83.00 | 55.00 | 138.00 | NOTE | |
r-patched-linux-x86_64 | 1.81.0-1 | 29.77 | 44.20 | 73.97 | OK | |
r-release-linux-x86_64 | 1.81.0-1 | 31.30 | 44.26 | 75.56 | OK | |
r-release-macos-arm64 | 1.81.0-1 | 64.00 | NOTE | |||
r-release-macos-x86_64 | 1.81.0-1 | 112.00 | NOTE | |||
r-release-windows-x86_64 | 1.81.0-1 | 79.00 | 73.00 | 152.00 | NOTE | |
r-oldrel-macos-arm64 | 1.81.0-1 | 66.00 | NOTE | |||
r-oldrel-macos-x86_64 | 1.81.0-1 | 111.00 | NOTE | |||
r-oldrel-windows-x86_64 | 1.81.0-1 | 509.00 | 259.00 | 768.00 | NOTE |
Version: 1.81.0-1
Check: installed package size
Result: NOTE
installed size is 155.8Mb
sub-directories of 1Mb or more:
include 155.7Mb
Flavors: r-devel-linux-x86_64-fedora-clang, r-devel-windows-x86_64, r-release-macos-arm64, r-release-macos-x86_64, r-release-windows-x86_64, r-oldrel-macos-arm64, r-oldrel-macos-x86_64, r-oldrel-windows-x86_64