CRAN Package Check Results for Package BETS

Last updated on 2020-08-08 03:50:33 CEST.

Flavor Version Tinstall Tcheck Ttotal Status Flags
r-devel-linux-x86_64-debian-clang 0.4.9 16.38 119.70 136.08 OK
r-devel-linux-x86_64-debian-gcc 0.4.9 14.71 89.28 103.99 OK
r-devel-linux-x86_64-fedora-clang 0.4.9 168.90 NOTE
r-devel-linux-x86_64-fedora-gcc 0.4.9 156.24 OK
r-devel-windows-ix86+x86_64 0.4.9 48.00 205.00 253.00 OK
r-patched-linux-x86_64 0.4.9 15.96 116.07 132.03 OK
r-patched-solaris-x86 0.4.9 223.30 OK
r-release-linux-x86_64 0.4.9 17.45 116.30 133.75 OK
r-release-macos-x86_64 0.4.9 OK
r-release-windows-ix86+x86_64 0.4.9 60.00 127.00 187.00 OK
r-oldrel-macos-x86_64 0.4.9 OK
r-oldrel-windows-ix86+x86_64 0.4.9 32.00 138.00 170.00 OK

Check Details

Version: 0.4.9
Check: package dependencies
Result: NOTE
    Imports includes 27 non-default packages.
    Importing from so many packages makes the package vulnerable to any of
    them becoming unavailable. Move as many as possible to Suggests and
    use conditionally.
Flavor: r-devel-linux-x86_64-fedora-clang