Last updated on 2023-12-06 03:49:53 CET.
Flavor | Version | Tinstall | Tcheck | Ttotal | Status | Flags |
---|---|---|---|---|---|---|
r-devel-linux-x86_64-debian-clang | 1.4.3 | 190.37 | 834.95 | 1025.32 | OK | |
r-devel-linux-x86_64-debian-gcc | 1.4.3 | 125.99 | 337.51 | 463.50 | OK | |
r-devel-linux-x86_64-fedora-clang | 1.4.3 | 1114.01 | NOTE | |||
r-devel-linux-x86_64-fedora-gcc | 1.4.3 | 789.83 | NOTE | |||
r-devel-windows-x86_64 | 1.4.3 | 131.00 | 303.00 | 434.00 | OK | |
r-patched-linux-x86_64 | 1.4.3 | 128.21 | 440.45 | 568.66 | OK | |
r-release-linux-x86_64 | 1.4.3 | 149.78 | 446.24 | 596.02 | OK | |
r-release-macos-arm64 | 1.4.3 | 206.00 | NOTE | |||
r-release-macos-x86_64 | 1.4.3 | 388.00 | NOTE | |||
r-release-windows-x86_64 | 1.4.3 | 171.00 | 399.00 | 570.00 | OK | |
r-oldrel-macos-arm64 | 1.4.3 | 208.00 | NOTE | |||
r-oldrel-macos-x86_64 | 1.4.3 | 245.00 | NOTE | |||
r-oldrel-windows-x86_64 | 1.4.3 | 156.00 | 392.00 | 548.00 | OK |
Version: 1.4.3
Check: dependencies in R code
Result: NOTE
Namespace in Imports field not imported from: ‘forecast’
All declared Imports should be used.
Flavors: r-devel-linux-x86_64-fedora-clang, r-devel-linux-x86_64-fedora-gcc
Version: 1.4.3
Check: installed package size
Result: NOTE
installed size is 15.3Mb
sub-directories of 1Mb or more:
libs 14.3Mb
Flavors: r-release-macos-arm64, r-release-macos-x86_64, r-oldrel-macos-arm64, r-oldrel-macos-x86_64