CRAN Package Check Results for Package BCHM

Last updated on 2020-08-11 03:47:42 CEST.

Flavor Version Tinstall Tcheck Ttotal Status Flags
r-devel-linux-x86_64-debian-clang 1.00 3.33 48.74 52.07 OK
r-devel-linux-x86_64-debian-gcc 1.00 2.57 37.13 39.70 OK
r-devel-linux-x86_64-fedora-clang 1.00 69.22 NOTE
r-devel-linux-x86_64-fedora-gcc 1.00 63.08 NOTE
r-devel-windows-ix86+x86_64 1.00 9.00 84.00 93.00 OK
r-patched-linux-x86_64 1.00 3.31 48.95 52.26 OK
r-patched-solaris-x86 1.00 122.30 NOTE
r-release-linux-x86_64 1.00 3.34 48.53 51.87 OK
r-release-macos-x86_64 1.00 NOTE
r-release-windows-ix86+x86_64 1.00 10.00 83.00 93.00 OK
r-oldrel-macos-x86_64 1.00 NOTE
r-oldrel-windows-ix86+x86_64 1.00 6.00 63.00 69.00 OK

Check Details

Version: 1.00
Check: dependencies in R code
Result: NOTE
    Namespaces in Imports field not imported from:
     ‘coda’ ‘knitr’ ‘plyr’
     All declared Imports should be used.
Flavors: r-devel-linux-x86_64-fedora-clang, r-devel-linux-x86_64-fedora-gcc, r-patched-solaris-x86, r-release-macos-x86_64, r-oldrel-macos-x86_64