CRAN Package Check Results for Package BARIS

Last updated on 2020-08-10 06:47:18 CEST.

Flavor Version Tinstall Tcheck Ttotal Status Flags
r-devel-linux-x86_64-debian-clang 1.1.1 11.05 83.90 94.95 OK
r-devel-linux-x86_64-debian-gcc 1.1.1 8.33 63.10 71.43 OK
r-devel-linux-x86_64-fedora-clang 1.1.1 122.10 NOTE
r-devel-linux-x86_64-fedora-gcc 1.1.1 108.82 NOTE
r-devel-windows-ix86+x86_64 1.1.1 27.00 149.00 176.00 OK
r-patched-linux-x86_64 1.1.1 9.57 79.22 88.79 OK
r-patched-solaris-x86 1.1.1 173.00 NOTE
r-release-linux-x86_64 1.1.1 9.48 79.45 88.93 OK
r-release-macos-x86_64 1.1.1 NOTE
r-release-windows-ix86+x86_64 1.1.1 42.00 139.00 181.00 OK
r-oldrel-macos-x86_64 1.1.1 NOTE
r-oldrel-windows-ix86+x86_64 1.1.1 19.00 102.00 121.00 OK

Check Details

Version: 1.1.1
Check: dependencies in R code
Result: NOTE
    Namespace in Imports field not imported from: ‘rstudioapi’
     All declared Imports should be used.
Flavors: r-devel-linux-x86_64-fedora-clang, r-devel-linux-x86_64-fedora-gcc, r-patched-solaris-x86, r-release-macos-x86_64, r-oldrel-macos-x86_64