CRAN Package Check Results for Package AzureKeyVault

Last updated on 2020-05-25 15:48:55 CEST.

Flavor Version Tinstall Tcheck Ttotal Status Flags
r-devel-linux-x86_64-debian-clang 1.0.3 12.21 29.43 41.64 OK
r-devel-linux-x86_64-debian-gcc 1.0.3 8.96 23.86 32.82 OK
r-devel-linux-x86_64-fedora-clang 1.0.3 58.90 NOTE
r-devel-linux-x86_64-fedora-gcc 1.0.3 50.87 NOTE
r-devel-windows-ix86+x86_64 1.0.3 21.00 60.00 81.00 OK
r-patched-linux-x86_64 1.0.3 11.49 30.57 42.06 OK
r-patched-solaris-x86 1.0.3 74.70 NOTE
r-release-linux-x86_64 1.0.3 10.15 30.27 40.42 OK
r-release-osx-x86_64 1.0.3 NOTE
r-release-windows-ix86+x86_64 1.0.3 15.00 58.00 73.00 OK
r-oldrel-osx-x86_64 1.0.3 NOTE
r-oldrel-windows-ix86+x86_64 1.0.3 15.00 43.00 58.00 OK

Check Details

Version: 1.0.3
Check: dependencies in R code
Result: NOTE
    Namespaces in Imports field not imported from:
     ‘R6’ ‘jose’ ‘openssl’
     All declared Imports should be used.
Flavors: r-devel-linux-x86_64-fedora-clang, r-devel-linux-x86_64-fedora-gcc, r-patched-solaris-x86, r-release-osx-x86_64, r-oldrel-osx-x86_64