CRAN Package Check Results for Package AzureContainers

Last updated on 2020-08-10 06:47:18 CEST.

Flavor Version Tinstall Tcheck Ttotal Status Flags
r-devel-linux-x86_64-debian-clang 1.3.0 7.51 33.20 40.71 OK
r-devel-linux-x86_64-debian-gcc 1.3.0 5.51 26.00 31.51 OK
r-devel-linux-x86_64-fedora-clang 1.3.0 57.37 NOTE
r-devel-linux-x86_64-fedora-gcc 1.3.0 51.49 NOTE
r-devel-windows-ix86+x86_64 1.3.0 13.00 65.00 78.00 OK
r-patched-linux-x86_64 1.3.0 7.22 32.81 40.03 OK
r-patched-solaris-x86 1.3.0 75.50 NOTE
r-release-linux-x86_64 1.3.0 9.04 32.76 41.80 OK
r-release-macos-x86_64 1.3.0 NOTE
r-release-windows-ix86+x86_64 1.3.0 17.00 62.00 79.00 OK
r-oldrel-macos-x86_64 1.3.0 NOTE
r-oldrel-windows-ix86+x86_64 1.3.0 11.00 47.00 58.00 OK

Check Details

Version: 1.3.0
Check: dependencies in R code
Result: NOTE
    Namespace in Imports field not imported from: ‘openssl’
     All declared Imports should be used.
Flavors: r-devel-linux-x86_64-fedora-clang, r-devel-linux-x86_64-fedora-gcc, r-patched-solaris-x86, r-release-macos-x86_64, r-oldrel-macos-x86_64

Version: 1.3.0
Check: Rd cross-references
Result: NOTE
    Undeclared package ‘AzureAuth’ in Rd xrefs
Flavor: r-devel-linux-x86_64-fedora-clang

Version: 1.3.0
Check: package dependencies
Result: NOTE
    Package suggested but not available for checking: ‘RestRserve’
Flavor: r-patched-solaris-x86