CRAN Package Check Results for Package AzureContainers

Last updated on 2024-02-28 16:50:27 CET.

Flavor Version Tinstall Tcheck Ttotal Status Flags
r-devel-linux-x86_64-debian-clang 1.3.2 5.29 40.78 46.07 OK
r-devel-linux-x86_64-debian-gcc 1.3.2 5.36 31.37 36.73 OK
r-devel-linux-x86_64-fedora-clang 1.3.2 61.37 NOTE
r-devel-linux-x86_64-fedora-gcc 1.3.2 70.45 NOTE
r-devel-windows-x86_64 1.3.2 7.00 59.00 66.00 OK
r-patched-linux-x86_64 1.3.2 12.32 40.01 52.33 OK
r-release-linux-x86_64 1.3.2 6.02 40.10 46.12 OK
r-release-macos-arm64 1.3.2 31.00 OK
r-release-macos-x86_64 1.3.2 44.00 OK
r-release-windows-x86_64 1.3.2 11.00 63.00 74.00 OK
r-oldrel-macos-arm64 1.3.2 27.00 NOTE
r-oldrel-windows-x86_64 1.3.2 11.00 60.00 71.00 OK

Check Details

Version: 1.3.2
Check: dependencies in R code
Result: NOTE Namespace in Imports field not imported from: ‘openssl’ All declared Imports should be used. Flavors: r-devel-linux-x86_64-fedora-clang, r-devel-linux-x86_64-fedora-gcc, r-oldrel-macos-arm64

Version: 1.3.2
Check: Rd cross-references
Result: NOTE Undeclared package ‘AzureAuth’ in Rd xrefs Flavor: r-devel-linux-x86_64-fedora-clang