CRAN Package Check Results for Package Arothron

Last updated on 2024-03-01 16:49:13 CET.

Flavor Version Tinstall Tcheck Ttotal Status Flags
r-devel-linux-x86_64-debian-clang 2.0.5 15.78 126.20 141.98 OK
r-devel-linux-x86_64-debian-gcc 2.0.5 12.11 94.93 107.04 OK
r-devel-linux-x86_64-fedora-clang 2.0.5 171.52 NOTE
r-devel-linux-x86_64-fedora-gcc 2.0.5 164.64 OK
r-devel-windows-x86_64 2.0.5 14.00 114.00 128.00 NOTE
r-patched-linux-x86_64 2.0.5 9.59 123.51 133.10 OK
r-release-linux-x86_64 2.0.5 10.44 124.62 135.06 OK
r-release-macos-arm64 2.0.5 52.00 NOTE
r-release-macos-x86_64 2.0.5 91.00 NOTE
r-release-windows-x86_64 2.0.5 18.00 132.00 150.00 NOTE
r-oldrel-macos-arm64 2.0.5 49.00 NOTE
r-oldrel-windows-x86_64 2.0.5 18.00 139.00 157.00 NOTE

Check Details

Version: 2.0.5
Check: installed package size
Result: NOTE installed size is 5.4Mb sub-directories of 1Mb or more: data 5.1Mb Flavors: r-devel-linux-x86_64-fedora-clang, r-devel-windows-x86_64, r-release-macos-arm64, r-release-macos-x86_64, r-release-windows-x86_64, r-oldrel-macos-arm64, r-oldrel-windows-x86_64