CRAN Package Check Results for Package AdaptFitOS

Last updated on 2020-08-15 03:47:56 CEST.

Flavor Version Tinstall Tcheck Ttotal Status Flags
r-devel-linux-x86_64-debian-clang 0.67 14.07 85.26 99.33 OK
r-devel-linux-x86_64-debian-gcc 0.67 12.08 65.25 77.33 OK
r-devel-linux-x86_64-fedora-clang 0.67 125.96 NOTE
r-devel-linux-x86_64-fedora-gcc 0.67 116.76 OK
r-devel-windows-ix86+x86_64 0.67 35.00 157.00 192.00 OK
r-patched-linux-x86_64 0.67 14.97 83.55 98.52 OK
r-patched-solaris-x86 0.67 173.20 OK
r-release-linux-x86_64 0.67 12.62 84.05 96.67 OK
r-release-macos-x86_64 0.67 OK
r-release-windows-ix86+x86_64 0.67 37.00 110.00 147.00 OK
r-oldrel-macos-x86_64 0.67 OK
r-oldrel-windows-ix86+x86_64 0.67 22.00 115.00 137.00 OK

Check Details

Version: 0.67
Check: Rd cross-references
Result: NOTE
    Undeclared packages ‘locfit’, ‘AdaptFit’ in Rd xrefs
Flavor: r-devel-linux-x86_64-fedora-clang