CRAN Package Check Results for Package AdapSamp

Last updated on 2024-03-02 16:54:38 CET.

Flavor Version Tinstall Tcheck Ttotal Status Flags
r-devel-linux-x86_64-debian-clang 1.1.1 2.57 32.27 34.84 NOTE
r-devel-linux-x86_64-debian-gcc 1.1.1 2.19 24.84 27.03 NOTE
r-devel-linux-x86_64-fedora-clang 1.1.1 43.30 NOTE
r-devel-linux-x86_64-fedora-gcc 1.1.1 42.04 NOTE
r-devel-windows-x86_64 1.1.1 3.00 50.00 53.00 NOTE
r-patched-linux-x86_64 1.1.1 2.35 31.44 33.79 NOTE
r-release-linux-x86_64 1.1.1 2.69 31.76 34.45 NOTE
r-release-macos-arm64 1.1.1 18.00 NOTE
r-release-macos-x86_64 1.1.1 27.00 NOTE
r-release-windows-x86_64 1.1.1 4.00 49.00 53.00 NOTE
r-oldrel-macos-arm64 1.1.1 19.00 NOTE
r-oldrel-windows-x86_64 1.1.1 5.00 57.00 62.00 NOTE

Check Details

Version: 1.1.1
Check: LazyData
Result: NOTE 'LazyData' is specified without a 'data' directory Flavors: r-devel-linux-x86_64-debian-clang, r-devel-linux-x86_64-debian-gcc, r-devel-linux-x86_64-fedora-clang, r-devel-linux-x86_64-fedora-gcc, r-devel-windows-x86_64, r-patched-linux-x86_64, r-release-linux-x86_64, r-release-macos-arm64, r-release-macos-x86_64, r-release-windows-x86_64, r-oldrel-macos-arm64, r-oldrel-windows-x86_64