CRAN Package Check Results for Package AdaSampling

Last updated on 2020-08-13 15:50:52 CEST.

Flavor Version Tinstall Tcheck Ttotal Status Flags
r-devel-linux-x86_64-debian-clang 1.3 0.40 2.56 2.96 ERROR
r-devel-linux-x86_64-debian-gcc 1.3 11.68 90.54 102.22 OK
r-devel-linux-x86_64-fedora-clang 1.3 168.64 OK
r-devel-linux-x86_64-fedora-gcc 1.3 156.24 OK
r-devel-windows-ix86+x86_64 1.3 39.00 178.00 217.00 OK
r-patched-linux-x86_64 1.3 10.98 115.76 126.74 OK
r-patched-solaris-x86 1.3 236.90 OK
r-release-linux-x86_64 1.3 10.66 115.61 126.27 OK
r-release-macos-x86_64 1.3 OK
r-release-windows-ix86+x86_64 1.3 41.00 176.00 217.00 OK
r-oldrel-macos-x86_64 1.3 OK
r-oldrel-windows-ix86+x86_64 1.3 25.00 130.00 155.00 OK

Check Details

Version: 1.3
Check: package dependencies
Result: ERROR
    Package required but not available: 'caret'
    
    See section 'The DESCRIPTION file' in the 'Writing R Extensions'
    manual.
Flavor: r-devel-linux-x86_64-debian-clang